Last updated on 2024-04-18 08:54:49 CEST.
Flavor | Version | Tinstall | Tcheck | Ttotal | Status | Flags |
---|---|---|---|---|---|---|
r-devel-linux-x86_64-debian-clang | 2.1-0 | 3.55 | 26.12 | 29.67 | NOTE | |
r-devel-linux-x86_64-debian-gcc | 2.1-0 | 3.13 | 20.30 | 23.43 | NOTE | |
r-devel-linux-x86_64-fedora-clang | 2.1-0 | 38.33 | NOTE | |||
r-devel-linux-x86_64-fedora-gcc | 2.1-0 | 38.32 | NOTE | |||
r-prerel-macos-arm64 | 2.1-0 | 17.00 | NOTE | |||
r-prerel-windows-x86_64 | 2.1-0 | 7.00 | 42.00 | 49.00 | NOTE | |
r-patched-linux-x86_64 | 2.1-0 | 2.86 | 24.48 | 27.34 | NOTE | |
r-release-linux-x86_64 | 2.1-0 | 3.53 | 24.55 | 28.08 | OK | |
r-release-macos-arm64 | 2.1-0 | 19.00 | OK | |||
r-release-macos-x86_64 | 2.1-0 | 25.00 | OK | |||
r-release-windows-x86_64 | 2.1-0 | 7.00 | 42.00 | 49.00 | OK | |
r-oldrel-macos-arm64 | 2.1-0 | 19.00 | OK | |||
r-oldrel-windows-x86_64 | 2.1-0 | 25.00 | 54.00 | 79.00 | OK |
Version: 2.1-0
Check: Rd files
Result: NOTE
checkRd: (-1) softening.optimized.Rd:42-43: Lost braces in \itemize; meant \describe ?
checkRd: (-1) softening.optimized.Rd:44: Lost braces in \itemize; meant \describe ?
Flavors: r-devel-linux-x86_64-debian-clang, r-devel-linux-x86_64-debian-gcc, r-devel-linux-x86_64-fedora-clang, r-devel-linux-x86_64-fedora-gcc, r-prerel-macos-arm64, r-prerel-windows-x86_64, r-patched-linux-x86_64