Last updated on 2024-03-12 07:50:08 CET.
Flavor | Version | Tinstall | Tcheck | Ttotal | Status | Flags |
---|---|---|---|---|---|---|
r-devel-linux-x86_64-debian-clang | 1.1 | 14.90 | 105.01 | 119.91 | NOTE | |
r-devel-linux-x86_64-debian-gcc | 1.1 | 9.23 | 79.44 | 88.67 | NOTE | |
r-devel-linux-x86_64-fedora-clang | 1.1 | 142.87 | NOTE | |||
r-devel-linux-x86_64-fedora-gcc | 1.1 | 140.93 | NOTE | |||
r-devel-windows-x86_64 | 1.1 | 12.00 | 90.00 | 102.00 | NOTE | |
r-patched-linux-x86_64 | 1.1 | 8.23 | 103.97 | 112.20 | OK | |
r-release-linux-x86_64 | 1.1 | 7.82 | 101.93 | 109.75 | OK | |
r-release-macos-arm64 | 1.1 | 44.00 | OK | |||
r-release-macos-x86_64 | 1.1 | 69.00 | OK | |||
r-release-windows-x86_64 | 1.1 | 17.00 | 107.00 | 124.00 | OK | |
r-oldrel-macos-arm64 | 1.1 | 46.00 | OK | |||
r-oldrel-windows-x86_64 | 1.1 | 16.00 | 110.00 | 126.00 | OK |
Version: 1.1
Check: Rd files
Result: NOTE
checkRd: (-1) SRanalysis.Rd:100: Lost braces
100 | P. B{\"u}hlmann (2019). Stabilizing Variable Selection and
| ^
checkRd: (-1) StabilizedRegression.Rd:109: Lost braces
109 | P. B{\"u}hlmann (2019). Stabilizing Variable Selection and
| ^
Flavors: r-devel-linux-x86_64-debian-clang, r-devel-linux-x86_64-debian-gcc, r-devel-linux-x86_64-fedora-clang, r-devel-linux-x86_64-fedora-gcc, r-devel-windows-x86_64