Last updated on 2024-03-12 07:50:08 CET.
Flavor | Version | Tinstall | Tcheck | Ttotal | Status | Flags |
---|---|---|---|---|---|---|
r-devel-linux-x86_64-debian-clang | 2.32.6 | 40.22 | 716.00 | 756.22 | NOTE | |
r-devel-linux-x86_64-debian-gcc | 2.32.6 | 31.87 | 543.99 | 575.86 | NOTE | |
r-devel-linux-x86_64-fedora-clang | 2.32.6 | 840.84 | NOTE | |||
r-devel-linux-x86_64-fedora-gcc | 2.32.6 | 1073.52 | NOTE | |||
r-devel-windows-x86_64 | 2.32.6 | 62.00 | 668.00 | 730.00 | NOTE | |
r-patched-linux-x86_64 | 2.32.6 | 33.93 | 739.85 | 773.78 | NOTE | |
r-release-linux-x86_64 | 2.32.6 | 36.83 | 763.35 | 800.18 | NOTE | |
r-release-macos-arm64 | 2.32.6 | 174.00 | NOTE | |||
r-release-macos-x86_64 | 2.32.6 | 468.00 | NOTE | |||
r-release-windows-x86_64 | 2.32.6 | 71.00 | 812.00 | 883.00 | NOTE | |
r-oldrel-macos-arm64 | 2.32.6 | 168.00 | NOTE | |||
r-oldrel-windows-x86_64 | 2.32.6 | 69.00 | 795.00 | 864.00 | NOTE |
Version: 2.32.6
Check: for GNU extensions in Makefiles
Result: NOTE
GNU make is a SystemRequirements.
Flavors: r-devel-linux-x86_64-debian-clang, r-devel-linux-x86_64-debian-gcc, r-devel-linux-x86_64-fedora-clang, r-devel-linux-x86_64-fedora-gcc, r-devel-windows-x86_64, r-patched-linux-x86_64, r-release-linux-x86_64, r-release-macos-arm64, r-release-macos-x86_64, r-release-windows-x86_64, r-oldrel-macos-arm64, r-oldrel-windows-x86_64
Version: 2.32.6
Check: installed package size
Result: NOTE
installed size is 15.4Mb
sub-directories of 1Mb or more:
include 12.0Mb
lib 1.4Mb
Flavors: r-devel-linux-x86_64-fedora-clang, r-devel-windows-x86_64, r-release-macos-arm64, r-release-macos-x86_64, r-release-windows-x86_64, r-oldrel-macos-arm64, r-oldrel-windows-x86_64