CRAN Package Check Results for Package StatMeasures

Last updated on 2021-06-21 08:50:07 CEST.

Flavor Version Tinstall Tcheck Ttotal Status Flags
r-devel-linux-x86_64-debian-clang 1.0 3.47 31.21 34.68 NOTE
r-devel-linux-x86_64-debian-gcc 1.0 2.43 23.93 26.36 NOTE
r-devel-linux-x86_64-fedora-clang 1.0 51.06 NOTE
r-devel-linux-x86_64-fedora-gcc 1.0 39.76 NOTE
r-devel-windows-x86_64 1.0 5.00 45.00 50.00 NOTE
r-devel-windows-x86_64-gcc10-UCRT 1.0 NOTE
r-patched-linux-x86_64 1.0 3.25 29.68 32.93 NOTE
r-patched-solaris-x86 1.0 58.80 NOTE
r-release-linux-x86_64 1.0 2.90 29.45 32.35 NOTE
r-release-macos-arm64 1.0 NOTE
r-release-macos-x86_64 1.0 NOTE
r-release-windows-ix86+x86_64 1.0 8.00 51.00 59.00 NOTE
r-oldrel-macos-x86_64 1.0 NOTE
r-oldrel-windows-ix86+x86_64 1.0 6.00 0.00 6.00 NOTE

Check Details

Version: 1.0
Check: R code for possible problems
Result: NOTE
    actvspred: no visible global function definition for 'quantile'
    actvspred: no visible global function definition for 'aggregate'
    actvspred: no visible global function definition for 'par'
    actvspred: no visible global function definition for 'lines'
    auc: no visible global function definition for 'par'
    decile: no visible global function definition for 'quantile'
    dqcontinuous : numoutliers: no visible global function definition for
     'quantile'
    dqcontinuous : <anonymous>: no visible global function definition for
     'sd'
    dqcontinuous : <anonymous>: no visible global function definition for
     'quantile'
    gini: no visible global function definition for 'par'
    gini: no visible global function definition for 'abline'
    iv: no visible global function definition for 'quantile'
    iv: no visible global function definition for 'aggregate'
    ks: no visible global function definition for 'aggregate'
    ks: no visible global function definition for 'par'
    ks: no visible global function definition for 'lines'
    outliers: no visible global function definition for 'quantile'
    outliers: no visible global function definition for 'na.omit'
    pentile: no visible global function definition for 'quantile'
    Undefined global functions or variables:
     abline aggregate lines na.omit par quantile sd
    Consider adding
     importFrom("graphics", "abline", "lines", "par")
     importFrom("stats", "aggregate", "na.omit", "quantile", "sd")
    to your NAMESPACE file.
Flavors: r-devel-linux-x86_64-debian-clang, r-devel-linux-x86_64-debian-gcc, r-devel-linux-x86_64-fedora-clang, r-devel-linux-x86_64-fedora-gcc, r-devel-windows-x86_64, r-devel-windows-x86_64-gcc10-UCRT, r-patched-linux-x86_64, r-patched-solaris-x86, r-release-linux-x86_64, r-release-macos-arm64, r-release-macos-x86_64, r-release-windows-ix86+x86_64, r-oldrel-macos-x86_64, r-oldrel-windows-ix86+x86_64