Last updated on 2024-03-12 07:50:08 CET.
Flavor | Version | Tinstall | Tcheck | Ttotal | Status | Flags |
---|---|---|---|---|---|---|
r-devel-linux-x86_64-debian-clang | 1.1.0 | 49.88 | 110.81 | 160.69 | NOTE | |
r-devel-linux-x86_64-debian-gcc | 1.1.0 | 44.68 | 83.86 | 128.54 | NOTE | |
r-devel-linux-x86_64-fedora-clang | 1.1.0 | 212.79 | NOTE | |||
r-devel-linux-x86_64-fedora-gcc | 1.1.0 | 218.65 | NOTE | |||
r-devel-windows-x86_64 | 1.1.0 | 44.00 | 112.00 | 156.00 | NOTE | |
r-patched-linux-x86_64 | 1.1.0 | 56.47 | 109.34 | 165.81 | NOTE | |
r-release-linux-x86_64 | 1.1.0 | 51.33 | 109.22 | 160.55 | NOTE | |
r-release-macos-arm64 | 1.1.0 | 55.00 | NOTE | |||
r-release-macos-x86_64 | 1.1.0 | 101.00 | NOTE | |||
r-release-windows-x86_64 | 1.1.0 | 56.00 | 143.00 | 199.00 | NOTE | |
r-oldrel-macos-arm64 | 1.1.0 | 58.00 | OK | |||
r-oldrel-windows-x86_64 | 1.1.0 | 53.00 | 137.00 | 190.00 | OK |
Version: 1.1.0
Check: C++ specification
Result: NOTE
Specified C++11: please drop specification unless essential
Flavors: r-devel-linux-x86_64-debian-clang, r-devel-linux-x86_64-debian-gcc, r-devel-linux-x86_64-fedora-clang, r-devel-linux-x86_64-fedora-gcc, r-devel-windows-x86_64, r-patched-linux-x86_64, r-release-linux-x86_64, r-release-macos-arm64, r-release-macos-x86_64, r-release-windows-x86_64
Version: 1.1.0
Check: package subdirectories
Result: NOTE
Problems with news in ‘NEWS.md’:
No news entries found.
Flavors: r-devel-linux-x86_64-debian-clang, r-devel-linux-x86_64-debian-gcc, r-devel-linux-x86_64-fedora-clang, r-devel-linux-x86_64-fedora-gcc, r-devel-windows-x86_64, r-patched-linux-x86_64, r-release-linux-x86_64, r-release-macos-arm64, r-release-macos-x86_64, r-release-windows-x86_64