CRAN Package Check Results for Package StratigrapheR

Last updated on 2021-05-10 08:49:28 CEST.

Flavor Version Tinstall Tcheck Ttotal Status Flags
r-devel-linux-x86_64-debian-clang 1.2.1 13.92 104.50 118.42 OK
r-devel-linux-x86_64-debian-gcc 1.2.1 10.63 77.05 87.68 OK
r-devel-linux-x86_64-fedora-clang 1.2.1 150.33 OK
r-devel-linux-x86_64-fedora-gcc 1.2.1 135.62 OK
r-devel-windows-ix86+x86_64 1.2.1 21.00 133.00 154.00 OK
r-devel-windows-x86_64-gcc10-UCRT 1.2.1 OK
r-patched-linux-x86_64 1.2.1 14.02 99.48 113.50 OK
r-patched-solaris-x86 1.2.1 189.90 OK
r-release-linux-x86_64 1.2.1 11.54 94.80 106.34 OK
r-release-macos-x86_64 1.2.1 OK
r-release-windows-ix86+x86_64 1.2.1 19.00 105.00 124.00 OK
r-oldrel-macos-x86_64 1.2.1 ERROR
r-oldrel-windows-ix86+x86_64 1.1.0 21.00 81.00 102.00 OK

Check Details

Version: 1.2.1
Check: whether package can be installed
Result: ERROR
    Installation failed.
Flavor: r-oldrel-macos-x86_64