CRAN Package Check Results for Package StroupGLMM

Last updated on 2021-05-10 08:49:28 CEST.

Flavor Version Tinstall Tcheck Ttotal Status Flags
r-devel-linux-x86_64-debian-clang 0.1.0 16.07 133.76 149.83 OK
r-devel-linux-x86_64-debian-gcc 0.1.0 13.20 101.59 114.79 OK
r-devel-linux-x86_64-fedora-clang 0.1.0 188.13 NOTE
r-devel-linux-x86_64-fedora-gcc 0.1.0 175.61 NOTE
r-devel-windows-ix86+x86_64 0.1.0 39.00 168.00 207.00 OK
r-devel-windows-x86_64-gcc10-UCRT 0.1.0 NOTE
r-patched-linux-x86_64 0.1.0 15.36 128.88 144.24 OK
r-patched-solaris-x86 0.1.0 265.30 NOTE
r-release-linux-x86_64 0.1.0 16.37 125.44 141.81 OK
r-release-macos-x86_64 0.1.0 NOTE
r-release-windows-ix86+x86_64 0.1.0 31.00 131.00 162.00 OK
r-oldrel-macos-x86_64 0.1.0 NOTE
r-oldrel-windows-ix86+x86_64 0.1.0 31.00 165.00 196.00 OK

Check Details

Version: 0.1.0
Check: dependencies in R code
Result: NOTE
    Namespaces in Imports field not imported from:
     ‘broom’ ‘car’ ‘lmerTest’ ‘pbkrtest’
     All declared Imports should be used.
Flavors: r-devel-linux-x86_64-fedora-clang, r-devel-linux-x86_64-fedora-gcc, r-devel-windows-x86_64-gcc10-UCRT, r-patched-solaris-x86, r-release-macos-x86_64, r-oldrel-macos-x86_64