Last updated on 2021-04-23 08:47:40 CEST.
Flavor | Version | Tinstall | Tcheck | Ttotal | Status | Flags |
---|---|---|---|---|---|---|
r-devel-linux-x86_64-debian-clang | 0.1.3 | 33.48 | 310.52 | 344.00 | OK | |
r-devel-linux-x86_64-debian-gcc | 0.1.3 | 25.53 | 226.28 | 251.81 | OK | |
r-devel-linux-x86_64-fedora-clang | 0.1.3 | 407.53 | NOTE | |||
r-devel-linux-x86_64-fedora-gcc | 0.1.3 | 398.54 | NOTE | |||
r-devel-windows-ix86+x86_64 | 0.1.3 | 60.00 | 371.00 | 431.00 | OK | |
r-devel-windows-x86_64-gcc10-UCRT | 0.1.3 | NOTE | ||||
r-patched-linux-x86_64 | 0.1.3 | 29.55 | 294.56 | 324.11 | OK | |
r-patched-solaris-x86 | 0.1.3 | 452.60 | NOTE | |||
r-release-linux-x86_64 | 0.1.3 | 28.89 | 283.72 | 312.61 | OK | |
r-release-macos-x86_64 | 0.1.3 | NOTE | ||||
r-release-windows-ix86+x86_64 | 0.1.3 | 50.00 | 304.00 | 354.00 | OK | |
r-oldrel-macos-x86_64 | 0.1.3 | NOTE | ||||
r-oldrel-windows-ix86+x86_64 | 0.1.3 | 61.00 | 354.00 | 415.00 | OK |
Version: 0.1.3
Check: dependencies in R code
Result: NOTE
Namespaces in Imports field not imported from:
‘UpSetR’ ‘alluvial’ ‘gridBase’
All declared Imports should be used.
Flavors: r-devel-linux-x86_64-fedora-clang, r-devel-linux-x86_64-fedora-gcc, r-devel-windows-x86_64-gcc10-UCRT, r-patched-solaris-x86, r-release-macos-x86_64, r-oldrel-macos-x86_64