CRAN Package Check Results for Package Surrogate

Last updated on 2021-05-10 08:49:28 CEST.

Flavor Version Tinstall Tcheck Ttotal Status Flags
r-devel-linux-x86_64-debian-clang 1.8 39.64 246.67 286.31 OK
r-devel-linux-x86_64-debian-gcc 1.8 33.38 180.21 213.59 OK
r-devel-linux-x86_64-fedora-clang 1.8 347.59 NOTE
r-devel-linux-x86_64-fedora-gcc 1.8 338.11 NOTE
r-devel-windows-ix86+x86_64 1.8 74.00 285.00 359.00 OK
r-devel-windows-x86_64-gcc10-UCRT 1.8 NOTE
r-patched-linux-x86_64 1.8 41.44 238.71 280.15 OK
r-patched-solaris-x86 1.8 428.40 NOTE
r-release-linux-x86_64 1.8 34.22 223.05 257.27 OK
r-release-macos-x86_64 1.8 NOTE
r-release-windows-ix86+x86_64 1.8 47.00 215.00 262.00 OK
r-oldrel-macos-x86_64 1.8 NOTE
r-oldrel-windows-ix86+x86_64 1.8 61.00 263.00 324.00 OK

Check Details

Version: 1.8
Check: dependencies in R code
Result: NOTE
    Namespace in Imports field not imported from: ‘rootSolve’
     All declared Imports should be used.
Flavors: r-devel-linux-x86_64-fedora-clang, r-devel-linux-x86_64-fedora-gcc, r-devel-windows-x86_64-gcc10-UCRT, r-patched-solaris-x86, r-release-macos-x86_64, r-oldrel-macos-x86_64