Last updated on 2024-05-21 08:56:32 CEST.
Flavor | Version | Tinstall | Tcheck | Ttotal | Status | Flags |
---|---|---|---|---|---|---|
r-devel-linux-x86_64-debian-clang | 1.0 | 47.87 | 80.62 | 128.49 | OK | |
r-devel-linux-x86_64-debian-gcc | 1.0 | 34.91 | 63.05 | 97.96 | OK | |
r-devel-linux-x86_64-fedora-clang | 1.0 | 169.99 | OK | |||
r-devel-linux-x86_64-fedora-gcc | 1.0 | 175.82 | OK | |||
r-devel-windows-x86_64 | 1.0 | 40.00 | 93.00 | 133.00 | OK | |
r-patched-linux-x86_64 | 1.0 | 52.37 | 78.92 | 131.29 | OK | |
r-release-linux-x86_64 | 1.0 | 47.13 | 78.27 | 125.40 | OK | |
r-release-macos-arm64 | 1.0 | 48.00 | NOTE | |||
r-release-macos-x86_64 | 1.0 | 115.00 | NOTE | |||
r-release-windows-x86_64 | 1.0 | 41.00 | 91.00 | 132.00 | OK | |
r-oldrel-macos-arm64 | 1.0 | 55.00 | NOTE | |||
r-oldrel-macos-x86_64 | 1.0 | 96.00 | NOTE | |||
r-oldrel-windows-x86_64 | 1.0 | 49.00 | 111.00 | 160.00 | OK |
Version: 1.0
Check: installed package size
Result: NOTE
installed size is 6.7Mb
sub-directories of 1Mb or more:
libs 6.5Mb
Flavors: r-release-macos-arm64, r-release-macos-x86_64, r-oldrel-macos-arm64, r-oldrel-macos-x86_64