CRAN Package Check Results for Package SurvHiDim

Last updated on 2023-02-09 07:57:03 CET.

Flavor Version Tinstall Tcheck Ttotal Status Flags
r-devel-linux-x86_64-debian-clang 0.1.1 20.42 155.49 175.91 OK
r-devel-linux-x86_64-debian-gcc 0.1.1 15.21 114.44 129.65 OK
r-devel-linux-x86_64-fedora-clang 0.1.1 217.16 NOTE
r-devel-linux-x86_64-fedora-gcc 0.1.1 204.27 NOTE
r-devel-windows-x86_64 0.1.1 26.00 174.00 200.00 OK
r-patched-linux-x86_64 0.1.1 19.37 147.27 166.64 OK
r-release-linux-x86_64 0.1.1 18.16 152.26 170.42 OK
r-release-macos-arm64 0.1.1 57.00 NOTE
r-release-macos-x86_64 0.1.1 97.00 NOTE
r-release-windows-x86_64 0.1.1 23.00 186.00 209.00 OK
r-oldrel-macos-arm64 0.1.1 64.00 NOTE
r-oldrel-macos-x86_64 0.1.1 70.00 NOTE
r-oldrel-windows-ix86+x86_64 0.1.1 41.00 181.00 222.00 OK

Check Details

Version: 0.1.1
Check: dependencies in R code
Result: NOTE
    Namespace in Imports field not imported from: ‘readr’
     All declared Imports should be used.
Flavors: r-devel-linux-x86_64-fedora-clang, r-devel-linux-x86_64-fedora-gcc, r-release-macos-arm64, r-release-macos-x86_64, r-oldrel-macos-arm64, r-oldrel-macos-x86_64