Last updated on 2024-04-20 08:51:16 CEST.
Flavor | Version | Tinstall | Tcheck | Ttotal | Status | Flags |
---|---|---|---|---|---|---|
r-devel-linux-x86_64-debian-clang | 1.1.0 | 10.74 | 329.98 | 340.72 | OK | |
r-devel-linux-x86_64-debian-gcc | 1.1.0 | 6.42 | 228.11 | 234.53 | OK | |
r-devel-linux-x86_64-fedora-clang | 1.1.0 | 400.30 | NOTE | |||
r-devel-linux-x86_64-fedora-gcc | 1.1.0 | 412.42 | OK | |||
r-prerel-macos-arm64 | 1.1.0 | 100.00 | NOTE | |||
r-prerel-macos-x86_64 | 1.1.0 | 250.00 | NOTE | |||
r-prerel-windows-x86_64 | 1.1.0 | 10.00 | 206.00 | 216.00 | OK | |
r-patched-linux-x86_64 | 1.1.0 | 10.33 | 298.21 | 308.54 | OK | |
r-release-linux-x86_64 | 1.1.0 | 8.98 | 292.80 | 301.78 | OK | |
r-release-macos-arm64 | 1.1.0 | 109.00 | NOTE | |||
r-release-macos-x86_64 | 1.1.0 | 215.00 | NOTE | |||
r-release-windows-x86_64 | 1.1.0 | 12.00 | 387.00 | 399.00 | NOTE | |
r-oldrel-macos-arm64 | 1.1.0 | 99.00 | NOTE | |||
r-oldrel-windows-x86_64 | 1.1.0 | 14.00 | 286.00 | 300.00 | NOTE |
Version: 1.1.0
Check: installed package size
Result: NOTE
installed size is 5.0Mb
sub-directories of 1Mb or more:
data 2.9Mb
doc 1.8Mb
Flavors: r-devel-linux-x86_64-fedora-clang, r-prerel-macos-arm64, r-prerel-macos-x86_64, r-release-macos-arm64, r-release-macos-x86_64, r-release-windows-x86_64, r-oldrel-macos-arm64, r-oldrel-windows-x86_64