Last updated on 2023-01-28 08:00:48 CET.
Flavor | Version | Tinstall | Tcheck | Ttotal | Status | Flags |
---|---|---|---|---|---|---|
r-devel-linux-x86_64-debian-clang | 0.1.1 | 119.10 | 150.25 | 269.35 | OK | |
r-devel-linux-x86_64-debian-gcc | 0.1.1 | 91.76 | 112.02 | 203.78 | NOTE | |
r-devel-linux-x86_64-fedora-clang | 0.1.1 | 373.27 | NOTE | |||
r-devel-linux-x86_64-fedora-gcc | 0.1.1 | 335.14 | NOTE | |||
r-devel-windows-x86_64 | 0.1.1 | 117.00 | 194.00 | 311.00 | NOTE | |
r-patched-linux-x86_64 | 0.1.1 | 99.29 | 140.71 | 240.00 | OK | |
r-release-linux-x86_64 | 0.1.1 | 96.04 | 144.85 | 240.89 | OK | |
r-release-macos-arm64 | 0.1.1 | 81.00 | NOTE | |||
r-release-macos-x86_64 | 0.1.1 | 115.00 | NOTE | |||
r-release-windows-x86_64 | 0.1.1 | 112.00 | 219.00 | 331.00 | NOTE | |
r-oldrel-macos-arm64 | 0.1.1 | 75.00 | NOTE | |||
r-oldrel-macos-x86_64 | 0.1.1 | 113.00 | NOTE | |||
r-oldrel-windows-ix86+x86_64 | 0.1.1 | 276.00 | 233.00 | 509.00 | NOTE |
Version: 0.1.1
Check: C++ specification
Result: NOTE
Specified C++11: please update to current default of C++17
Flavors: r-devel-linux-x86_64-debian-gcc, r-devel-linux-x86_64-fedora-gcc
Version: 0.1.1
Check: installed package size
Result: NOTE
installed size is 5.1Mb
sub-directories of 1Mb or more:
data 4.3Mb
Flavors: r-devel-linux-x86_64-fedora-clang, r-devel-windows-x86_64, r-release-macos-arm64, r-release-macos-x86_64, r-release-windows-x86_64, r-oldrel-macos-arm64, r-oldrel-macos-x86_64, r-oldrel-windows-ix86+x86_64