Last updated on 2024-04-23 08:58:19 CEST.
Flavor | Version | Tinstall | Tcheck | Ttotal | Status | Flags |
---|---|---|---|---|---|---|
r-devel-linux-x86_64-debian-clang | 0.1.2 | 123.10 | 151.86 | 274.96 | OK | |
r-devel-linux-x86_64-debian-gcc | 0.1.2 | 98.45 | 111.55 | 210.00 | OK | |
r-devel-linux-x86_64-fedora-clang | 0.1.2 | 376.46 | OK | |||
r-devel-linux-x86_64-fedora-gcc | 0.1.2 | 390.93 | OK | |||
r-prerel-macos-arm64 | 0.1.2 | 79.00 | NOTE | |||
r-prerel-macos-x86_64 | 0.1.2 | 146.00 | NOTE | |||
r-prerel-windows-x86_64 | 0.1.2 | 94.00 | 191.00 | 285.00 | NOTE | |
r-patched-linux-x86_64 | 0.1.2 | 111.52 | 144.69 | 256.21 | OK | |
r-release-linux-x86_64 | 0.1.2 | 118.77 | 144.12 | 262.89 | OK | |
r-release-macos-arm64 | 0.1.2 | 97.00 | NOTE | |||
r-release-macos-x86_64 | 0.1.2 | 182.00 | NOTE | |||
r-release-windows-x86_64 | 0.1.2 | 120.00 | 176.00 | 296.00 | NOTE | |
r-oldrel-macos-arm64 | 0.1.2 | 94.00 | NOTE | |||
r-oldrel-windows-x86_64 | 0.1.2 | 119.00 | 159.00 | 278.00 | NOTE |
Version: 0.1.2
Check: installed package size
Result: NOTE
installed size is 9.1Mb
sub-directories of 1Mb or more:
data 4.3Mb
libs 4.5Mb
Flavors: r-prerel-macos-arm64, r-prerel-macos-x86_64, r-prerel-windows-x86_64, r-release-macos-arm64, r-release-macos-x86_64, r-release-windows-x86_64, r-oldrel-macos-arm64, r-oldrel-windows-x86_64