Last updated on 2023-01-31 07:54:27 CET.
Flavor | Version | Tinstall | Tcheck | Ttotal | Status | Flags |
---|---|---|---|---|---|---|
r-devel-linux-x86_64-debian-clang | 1.0.2 | 42.89 | 129.22 | 172.11 | NOTE | |
r-devel-linux-x86_64-debian-gcc | 1.0.2 | 42.45 | 100.94 | 143.39 | NOTE | |
r-devel-linux-x86_64-fedora-clang | 1.0.2 | 228.10 | NOTE | |||
r-devel-linux-x86_64-fedora-gcc | 1.0.2 | 233.84 | NOTE | |||
r-devel-windows-x86_64 | 1.0.2 | 56.00 | 190.00 | 246.00 | NOTE | |
r-patched-linux-x86_64 | 1.0.2 | 41.90 | 131.10 | 173.00 | NOTE | |
r-release-linux-x86_64 | 1.0.2 | 33.95 | 131.23 | 165.18 | NOTE | |
r-release-macos-arm64 | 1.0.2 | 73.00 | NOTE | |||
r-release-macos-x86_64 | 1.0.2 | 123.00 | NOTE | |||
r-release-windows-x86_64 | 1.0.2 | 50.00 | 284.00 | 334.00 | NOTE | |
r-oldrel-macos-arm64 | 1.0.2 | 80.00 | NOTE | |||
r-oldrel-macos-x86_64 | 1.0.2 | 127.00 | NOTE | |||
r-oldrel-windows-ix86+x86_64 | 1.0.2 | 112.00 | 303.00 | 415.00 | NOTE |
Version: 1.0.2
Check: LazyData
Result: NOTE
'LazyData' is specified without a 'data' directory
Flavors: r-devel-linux-x86_64-debian-clang, r-devel-linux-x86_64-debian-gcc, r-devel-linux-x86_64-fedora-clang, r-devel-linux-x86_64-fedora-gcc, r-devel-windows-x86_64, r-patched-linux-x86_64, r-release-linux-x86_64, r-release-macos-arm64, r-release-macos-x86_64, r-release-windows-x86_64, r-oldrel-macos-arm64, r-oldrel-macos-x86_64, r-oldrel-windows-ix86+x86_64
Version: 1.0.2
Check: C++ specification
Result: NOTE
Specified C++11: please update to current default of C++17
Flavors: r-devel-linux-x86_64-debian-gcc, r-devel-linux-x86_64-fedora-clang, r-devel-linux-x86_64-fedora-gcc, r-devel-windows-x86_64
Version: 1.0.2
Check: installed package size
Result: NOTE
installed size is 5.0Mb
sub-directories of 1Mb or more:
libs 4.9Mb
Flavors: r-release-macos-arm64, r-release-macos-x86_64, r-oldrel-macos-arm64, r-oldrel-macos-x86_64