Last updated on 2024-04-24 07:57:56 CEST.
Flavor | Version | Tinstall | Tcheck | Ttotal | Status | Flags |
---|---|---|---|---|---|---|
r-devel-linux-x86_64-debian-clang | 1.1-2 | 4.97 | 106.17 | 111.14 | OK | |
r-devel-linux-x86_64-debian-gcc | 1.1-2 | 3.99 | 84.36 | 88.35 | OK | |
r-devel-linux-x86_64-fedora-clang | 1.1-2 | 151.52 | NOTE | |||
r-devel-linux-x86_64-fedora-gcc | 1.1-2 | 163.30 | OK | |||
r-prerel-macos-arm64 | 1.1-2 | 56.00 | NOTE | |||
r-prerel-windows-x86_64 | 1.1-2 | 7.00 | 358.00 | 365.00 | NOTE | |
r-patched-linux-x86_64 | 1.1-2 | 7.31 | 105.68 | 112.99 | OK | |
r-release-linux-x86_64 | 1.1-2 | 6.23 | 109.51 | 115.74 | OK | |
r-release-macos-arm64 | 1.1-2 | 56.00 | NOTE | |||
r-release-macos-x86_64 | 1.1-2 | 128.00 | NOTE | |||
r-release-windows-x86_64 | 1.1-2 | 8.00 | 441.00 | 449.00 | NOTE | |
r-oldrel-macos-arm64 | 1.1-2 | 50.00 | NOTE | |||
r-oldrel-windows-x86_64 | 1.1-2 | 9.00 | 457.00 | 466.00 | NOTE |
Version: 1.1-2
Check: installed package size
Result: NOTE
installed size is 8.9Mb
sub-directories of 1Mb or more:
data 1.1Mb
rda 7.1Mb
Flavors: r-devel-linux-x86_64-fedora-clang, r-prerel-macos-arm64, r-prerel-windows-x86_64, r-release-macos-arm64, r-release-macos-x86_64, r-release-windows-x86_64, r-oldrel-macos-arm64, r-oldrel-windows-x86_64