Last updated on 2024-04-17 08:57:48 CEST.
Flavor | Version | Tinstall | Tcheck | Ttotal | Status | Flags |
---|---|---|---|---|---|---|
r-devel-linux-x86_64-debian-clang | 1.9.11 | 101.16 | 92.64 | 193.80 | OK | |
r-devel-linux-x86_64-debian-gcc | 1.9.11 | 93.80 | 69.27 | 163.07 | OK | |
r-devel-linux-x86_64-fedora-clang | 1.9.11 | 229.88 | NOTE | |||
r-devel-linux-x86_64-fedora-gcc | 1.9.11 | 273.82 | OK | |||
r-prerel-macos-arm64 | 1.9.11 | 66.00 | NOTE | |||
r-prerel-macos-x86_64 | 1.9.11 | 220.00 | NOTE | |||
r-prerel-windows-x86_64 | 1.9.11 | 91.00 | 88.00 | 179.00 | NOTE | |
r-patched-linux-x86_64 | 1.9.11 | 97.96 | 90.27 | 188.23 | OK | |
r-release-linux-x86_64 | 1.9.11 | 114.91 | 93.33 | 208.24 | OK | |
r-release-macos-arm64 | 1.9.11 | 71.00 | NOTE | |||
r-release-macos-x86_64 | 1.9.11 | 204.00 | NOTE | |||
r-release-windows-x86_64 | 1.9.11 | 116.00 | 105.00 | 221.00 | NOTE | |
r-oldrel-macos-arm64 | 1.9.11 | 71.00 | NOTE | |||
r-oldrel-windows-x86_64 | 1.9.11 | 109.00 | 102.00 | 211.00 | NOTE |
Version: 1.9.11
Check: installed package size
Result: NOTE
installed size is 5.3Mb
sub-directories of 1Mb or more:
examples 1.2Mb
include 3.7Mb
Flavors: r-devel-linux-x86_64-fedora-clang, r-prerel-macos-arm64, r-prerel-macos-x86_64, r-prerel-windows-x86_64, r-release-macos-arm64, r-release-macos-x86_64, r-release-windows-x86_64, r-oldrel-macos-arm64, r-oldrel-windows-x86_64