Last updated on 2024-05-05 08:53:11 CEST.
Flavor | Version | Tinstall | Tcheck | Ttotal | Status | Flags |
---|---|---|---|---|---|---|
r-devel-linux-x86_64-debian-clang | 0.1.1 | 5.24 | 78.70 | 83.94 | NOTE | |
r-devel-linux-x86_64-debian-gcc | 0.1.1 | 5.68 | 59.05 | 64.73 | NOTE | |
r-devel-linux-x86_64-fedora-clang | 0.1.1 | 107.19 | NOTE | |||
r-devel-linux-x86_64-fedora-gcc | 0.1.1 | 100.14 | NOTE | |||
r-devel-windows-x86_64 | 0.1.1 | 8.00 | 79.00 | 87.00 | NOTE | |
r-patched-linux-x86_64 | 0.1.1 | 7.51 | 75.21 | 82.72 | NOTE | |
r-release-linux-x86_64 | 0.1.1 | 7.24 | 77.24 | 84.48 | NOTE | |
r-release-macos-arm64 | 0.1.1 | 34.00 | NOTE | |||
r-release-windows-x86_64 | 0.1.1 | 8.00 | 80.00 | 88.00 | NOTE | |
r-oldrel-macos-arm64 | 0.1.1 | 34.00 | NOTE | |||
r-oldrel-macos-x86_64 | 0.1.1 | 52.00 | NOTE | |||
r-oldrel-windows-x86_64 | 0.1.1 | 9.00 | 89.00 | 98.00 | NOTE |
Version: 0.1.1
Check: LazyData
Result: NOTE
'LazyData' is specified without a 'data' directory
Flavors: r-devel-linux-x86_64-debian-clang, r-devel-linux-x86_64-debian-gcc, r-devel-linux-x86_64-fedora-clang, r-devel-linux-x86_64-fedora-gcc, r-devel-windows-x86_64, r-patched-linux-x86_64, r-release-linux-x86_64, r-release-macos-arm64, r-release-windows-x86_64, r-oldrel-macos-arm64, r-oldrel-macos-x86_64, r-oldrel-windows-x86_64