Last updated on 2024-08-31 08:48:26 CEST.
Flavor | Version | Tinstall | Tcheck | Ttotal | Status | Flags |
---|---|---|---|---|---|---|
r-devel-linux-x86_64-debian-clang | 0.0.1 | 3.01 | 23.05 | 26.06 | NOTE | |
r-devel-linux-x86_64-debian-gcc | 0.0.1 | 1.87 | 18.42 | 20.29 | NOTE | |
r-devel-linux-x86_64-fedora-clang | 0.0.1 | 41.95 | NOTE | |||
r-devel-linux-x86_64-fedora-gcc | 0.0.1 | 38.50 | NOTE | |||
r-devel-windows-x86_64 | 0.0.1 | 4.00 | 54.00 | 58.00 | NOTE | |
r-patched-linux-x86_64 | 0.0.1 | 2.82 | 22.28 | 25.10 | NOTE | |
r-release-linux-x86_64 | 0.0.1 | 2.86 | 21.85 | 24.71 | NOTE | |
r-release-macos-arm64 | 0.0.1 | 19.00 | NOTE | |||
r-release-macos-x86_64 | 0.0.1 | 27.00 | NOTE | |||
r-release-windows-x86_64 | 0.0.1 | 5.00 | 255.00 | 260.00 | NOTE | |
r-oldrel-macos-arm64 | 0.0.1 | 20.00 | NOTE | |||
r-oldrel-macos-x86_64 | 0.0.1 | 24.00 | NOTE | |||
r-oldrel-windows-x86_64 | 0.0.1 | 5.00 | 48.00 | 53.00 | NOTE |
Version: 0.0.1
Check: LazyData
Result: NOTE
'LazyData' is specified without a 'data' directory
Flavors: r-devel-linux-x86_64-debian-clang, r-devel-linux-x86_64-debian-gcc, r-devel-linux-x86_64-fedora-clang, r-devel-linux-x86_64-fedora-gcc, r-devel-windows-x86_64, r-patched-linux-x86_64, r-release-linux-x86_64, r-release-macos-arm64, r-release-macos-x86_64, r-release-windows-x86_64, r-oldrel-macos-arm64, r-oldrel-macos-x86_64, r-oldrel-windows-x86_64