Last updated on 2024-04-24 07:57:57 CEST.
Flavor | Version | Tinstall | Tcheck | Ttotal | Status | Flags |
---|---|---|---|---|---|---|
r-devel-linux-x86_64-debian-clang | 0.3.1 | 11.41 | 87.84 | 99.25 | OK | |
r-devel-linux-x86_64-debian-gcc | 0.3.1 | 9.18 | 64.52 | 73.70 | OK | |
r-devel-linux-x86_64-fedora-clang | 0.3.1 | 122.78 | NOTE | |||
r-devel-linux-x86_64-fedora-gcc | 0.3.1 | 115.44 | OK | |||
r-prerel-macos-arm64 | 0.3.1 | 46.00 | OK | |||
r-prerel-windows-x86_64 | 0.3.1 | 11.00 | 82.00 | 93.00 | OK | |
r-patched-linux-x86_64 | 0.3.1 | 8.44 | 82.42 | 90.86 | OK | |
r-release-linux-x86_64 | 0.3.1 | 7.30 | 82.44 | 89.74 | OK | |
r-release-macos-arm64 | 0.3.1 | 38.00 | OK | |||
r-release-macos-x86_64 | 0.3.1 | 58.00 | OK | |||
r-release-windows-x86_64 | 0.3.1 | 14.00 | 100.00 | 114.00 | OK | |
r-oldrel-macos-arm64 | 0.3.1 | 36.00 | OK | |||
r-oldrel-windows-x86_64 | 0.3.1 | 14.00 | 230.00 | 244.00 | OK |
Version: 0.3.1
Check: Rd cross-references
Result: NOTE
Undeclared package ‘gimms’ in Rd xrefs
Flavor: r-devel-linux-x86_64-fedora-clang