CRAN Package Check Results for Package TSS.RESTREND

Last updated on 2021-05-18 08:48:31 CEST.

Flavor Version Tinstall Tcheck Ttotal Status Flags
r-devel-linux-x86_64-debian-clang 0.3.1 9.97 84.17 94.14 OK
r-devel-linux-x86_64-debian-gcc 0.3.1 7.99 62.26 70.25 OK
r-devel-linux-x86_64-fedora-clang 0.3.1 114.48 NOTE
r-devel-linux-x86_64-fedora-gcc 0.3.1 104.15 OK
r-devel-windows-ix86+x86_64 0.3.1 28.00 111.00 139.00 OK
r-devel-windows-x86_64-gcc10-UCRT 0.3.1 OK
r-patched-linux-x86_64 0.3.1 9.44 78.07 87.51 OK
r-patched-solaris-x86 0.3.1 145.70 OK
r-release-linux-x86_64 0.3.1 9.16 77.61 86.77 OK
r-release-macos-x86_64 0.3.1 OK
r-release-windows-ix86+x86_64 0.3.1 17.00 81.00 98.00 OK
r-oldrel-macos-x86_64 0.3.1 OK
r-oldrel-windows-ix86+x86_64 0.3.1 14.00 97.00 111.00 OK

Check Details

Version: 0.3.1
Check: Rd cross-references
Result: NOTE
    Undeclared package ‘gimms’ in Rd xrefs
Flavor: r-devel-linux-x86_64-fedora-clang