Last updated on 2024-03-12 07:50:10 CET.
Flavor | Version | Tinstall | Tcheck | Ttotal | Status | Flags |
---|---|---|---|---|---|---|
r-devel-linux-x86_64-debian-clang | 3.7.1 | 16.26 | 136.69 | 152.95 | NOTE | |
r-devel-linux-x86_64-debian-gcc | 3.7.1 | 13.60 | 105.50 | 119.10 | NOTE | |
r-devel-linux-x86_64-fedora-clang | 3.7.1 | 202.35 | NOTE | |||
r-devel-linux-x86_64-fedora-gcc | 3.7.1 | 183.75 | NOTE | |||
r-devel-windows-x86_64 | 3.7.1 | 18.00 | 121.00 | 139.00 | NOTE | |
r-patched-linux-x86_64 | 3.7.1 | 10.65 | 127.46 | 138.11 | OK | |
r-release-linux-x86_64 | 3.7.1 | 15.08 | 127.23 | 142.31 | OK | |
r-release-macos-arm64 | 3.7.1 | 51.00 | OK | |||
r-release-macos-x86_64 | 3.7.1 | 112.00 | OK | |||
r-release-windows-x86_64 | 3.7.1 | 20.00 | 137.00 | 157.00 | OK | |
r-oldrel-macos-arm64 | 3.7.1 | 84.00 | OK | |||
r-oldrel-windows-x86_64 | 3.7.1 | 20.00 | 142.00 | 162.00 | OK |
Version: 3.7.1
Check: Rd files
Result: NOTE
checkRd: (-1) example.database2.Rd:18: Lost braces in \itemize; meant \describe ?
checkRd: (-1) example.database2.Rd:19: Lost braces in \itemize; meant \describe ?
checkRd: (-1) example.database3.Rd:18: Lost braces in \itemize; meant \describe ?
checkRd: (-1) example.database3.Rd:19: Lost braces in \itemize; meant \describe ?
Flavors: r-devel-linux-x86_64-debian-clang, r-devel-linux-x86_64-debian-gcc, r-devel-linux-x86_64-fedora-clang, r-devel-linux-x86_64-fedora-gcc, r-devel-windows-x86_64