CRAN Package Check Results for Package TSmisc

Last updated on 2021-09-20 08:50:50 CEST.

Flavor Version Tinstall Tcheck Ttotal Status Flags
r-devel-linux-x86_64-debian-clang 2016.8-1 8.59 67.05 75.64 OK
r-devel-linux-x86_64-debian-gcc 2016.8-1 7.32 51.44 58.76 OK
r-devel-linux-x86_64-fedora-clang 2016.8-1 102.09 OK
r-devel-linux-x86_64-fedora-gcc 2016.8-1 86.89 OK
r-devel-windows-x86_64 2016.8-1 10.00 68.00 78.00 OK
r-devel-windows-x86_64-gcc10-UCRT 2016.8-1 ERROR
r-patched-linux-x86_64 2016.8-1 8.59 64.06 72.65 OK
r-patched-solaris-x86 2016.8-1 123.20 OK
r-release-linux-x86_64 2016.8-1 8.28 65.52 73.80 OK
r-release-macos-arm64 2016.8-1 OK
r-release-macos-x86_64 2016.8-1 OK
r-release-windows-ix86+x86_64 2016.8-1 18.00 85.00 103.00 OK
r-oldrel-macos-x86_64 2016.8-1 OK
r-oldrel-windows-ix86+x86_64 2016.8-1 18.00 72.00 90.00 OK

Check Details

Version: 2016.8-1
Check: whether package can be installed
Result: WARN
    Found the following significant warnings:
     WARNING: installation-time patches will not be applied, could not get the patches index
Flavor: r-devel-windows-x86_64-gcc10-UCRT

Version: 2016.8-1
Check: PDF version of manual
Result: WARN
    LaTeX errors when creating PDF version.
    This typically indicates Rd problems.
Flavor: r-devel-windows-x86_64-gcc10-UCRT

Version: 2016.8-1
Check: PDF version of manual without hyperrefs or index
Result: ERROR
    Re-running with no redirection of stdout/stderr.
Flavor: r-devel-windows-x86_64-gcc10-UCRT