Last updated on 2024-04-19 08:54:58 CEST.
Flavor | Version | Tinstall | Tcheck | Ttotal | Status | Flags |
---|---|---|---|---|---|---|
r-devel-linux-x86_64-debian-clang | 1.0.2 | 16.06 | 101.77 | 117.83 | OK | |
r-devel-linux-x86_64-debian-gcc | 1.0.2 | OK | ||||
r-devel-linux-x86_64-fedora-clang | 1.0.2 | 147.20 | NOTE | |||
r-devel-linux-x86_64-fedora-gcc | 1.0.2 | 134.37 | OK | |||
r-prerel-macos-arm64 | 1.0.2 | 42.00 | OK | |||
r-prerel-windows-x86_64 | 1.0.2 | 18.00 | 89.00 | 107.00 | OK | |
r-patched-linux-x86_64 | 1.0.2 | 13.90 | 92.85 | 106.75 | OK | |
r-release-linux-x86_64 | 1.0.2 | 16.67 | 83.82 | 100.49 | OK | |
r-release-macos-arm64 | 1.0.2 | 43.00 | OK | |||
r-release-macos-x86_64 | 1.0.2 | 72.00 | OK | |||
r-release-windows-x86_64 | 1.0.2 | 21.00 | 220.00 | 241.00 | OK | |
r-oldrel-macos-arm64 | 1.0.2 | 39.00 | OK | |||
r-oldrel-windows-x86_64 | 1.0.2 | 21.00 | 111.00 | 132.00 | OK |
Version: 1.0.2
Check: installed package size
Result: NOTE
installed size is 8.0Mb
sub-directories of 1Mb or more:
libs 7.4Mb
Flavor: r-devel-linux-x86_64-fedora-clang