Last updated on 2024-03-12 07:50:10 CET.
Flavor | Version | Tinstall | Tcheck | Ttotal | Status | Flags |
---|---|---|---|---|---|---|
r-devel-linux-x86_64-debian-clang | 1.1-1 | 4.09 | 33.05 | 37.14 | WARN | |
r-devel-linux-x86_64-debian-gcc | 1.1-1 | 2.83 | 26.01 | 28.84 | OK | |
r-devel-linux-x86_64-fedora-clang | 1.1-1 | 49.17 | OK | |||
r-devel-linux-x86_64-fedora-gcc | 1.1-1 | 45.62 | OK | |||
r-devel-windows-x86_64 | 1.1-1 | 6.00 | 54.00 | 60.00 | OK | |
r-patched-linux-x86_64 | 1.1-1 | 3.61 | 33.49 | 37.10 | OK | |
r-release-linux-x86_64 | 1.1-1 | 3.47 | 33.51 | 36.98 | OK | |
r-release-macos-arm64 | 1.1-1 | 22.00 | OK | |||
r-release-macos-x86_64 | 1.1-1 | 30.00 | OK | |||
r-release-windows-x86_64 | 1.1-1 | 7.00 | 57.00 | 64.00 | OK | |
r-oldrel-macos-arm64 | 1.1-1 | 24.00 | OK | |||
r-oldrel-windows-x86_64 | 1.1-1 | 10.00 | 166.00 | 176.00 | OK |
Version: 1.1-1
Check: whether package can be installed
Result: WARN
Found the following significant warnings:
flang-new: warning: argument unused during compilation: '-Wall' [-Wunused-command-line-argument]
See ‘/home/hornik/tmp/R.check/r-devel-clang/Work/PKGS/TUWmodel.Rcheck/00install.out’ for details.
* used C compiler: ‘Debian clang version 18.1.0 (rc4-1)’
* used Fortran compiler: ‘Debian flang-new version 18.1.0 (rc4-1)’
Flavor: r-devel-linux-x86_64-debian-clang