CRAN Package Check Results for Package TVMM

Last updated on 2021-07-25 08:51:15 CEST.

Flavor Version Tinstall Tcheck Ttotal Status Flags
r-devel-linux-x86_64-debian-clang 3.2.1 15.93 116.69 132.62 NOTE
r-devel-linux-x86_64-debian-gcc 3.2.1 14.09 88.55 102.64 NOTE
r-devel-linux-x86_64-fedora-clang 3.2.1 171.20 NOTE
r-devel-linux-x86_64-fedora-gcc 3.2.1 160.59 NOTE
r-devel-windows-x86_64 3.2.1 19.00 94.00 113.00 NOTE
r-devel-windows-x86_64-gcc10-UCRT 3.2.1 NOTE
r-patched-linux-x86_64 3.2.1 16.55 110.11 126.66 NOTE
r-patched-solaris-x86 3.2.1 233.00 NOTE
r-release-linux-x86_64 3.2.1 15.79 110.04 125.83 NOTE
r-release-macos-arm64 3.2.1 NOTE
r-release-macos-x86_64 3.2.1 NOTE
r-release-windows-ix86+x86_64 3.2.1 30.00 94.00 124.00 NOTE
r-oldrel-macos-x86_64 3.2.1 OK
r-oldrel-windows-ix86+x86_64 3.2.1 41.00 122.00 163.00 OK

Check Details

Version: 3.2.1
Check: LazyData
Result: NOTE
     'LazyData' is specified without a 'data' directory
Flavors: r-devel-linux-x86_64-debian-clang, r-devel-linux-x86_64-debian-gcc, r-devel-linux-x86_64-fedora-clang, r-devel-linux-x86_64-fedora-gcc, r-devel-windows-x86_64, r-devel-windows-x86_64-gcc10-UCRT, r-patched-linux-x86_64, r-patched-solaris-x86, r-release-linux-x86_64, r-release-macos-arm64, r-release-macos-x86_64, r-release-windows-ix86+x86_64