Last updated on 2024-04-19 08:54:57 CEST.
Flavor | Version | Tinstall | Tcheck | Ttotal | Status | Flags |
---|---|---|---|---|---|---|
r-devel-linux-x86_64-debian-clang | 2.13 | 15.07 | 103.64 | 118.71 | NOTE | |
r-devel-linux-x86_64-debian-gcc | 2.13 | NOTE | ||||
r-devel-linux-x86_64-fedora-clang | 2.13 | 144.70 | NOTE | |||
r-devel-linux-x86_64-fedora-gcc | 2.13 | 137.82 | NOTE | |||
r-prerel-macos-arm64 | 2.13 | 39.00 | NOTE | |||
r-prerel-macos-x86_64 | 2.13 | 134.00 | NOTE | |||
r-prerel-windows-x86_64 | 2.13 | 13.00 | 106.00 | 119.00 | OK | |
r-patched-linux-x86_64 | 2.13 | 15.15 | 99.53 | 114.68 | NOTE | |
r-release-linux-x86_64 | 2.13 | 13.11 | 102.73 | 115.84 | NOTE | |
r-release-macos-arm64 | 2.13 | 45.00 | NOTE | |||
r-release-macos-x86_64 | 2.13 | 136.00 | NOTE | |||
r-release-windows-x86_64 | 2.13 | 16.00 | 198.00 | 214.00 | OK | |
r-oldrel-macos-arm64 | 2.13 | 44.00 | NOTE | |||
r-oldrel-windows-x86_64 | 2.13 | 18.00 | 124.00 | 142.00 | OK |
Version: 2.13
Check: package dependencies
Result: NOTE
Package which this enhances but not available for checking: ‘R2wd’
Flavors: r-devel-linux-x86_64-debian-clang, r-devel-linux-x86_64-debian-gcc, r-devel-linux-x86_64-fedora-clang, r-devel-linux-x86_64-fedora-gcc, r-prerel-macos-arm64, r-prerel-macos-x86_64, r-patched-linux-x86_64, r-release-linux-x86_64, r-release-macos-arm64, r-release-macos-x86_64, r-oldrel-macos-arm64