Last updated on 2024-03-12 07:50:09 CET.
Flavor | Version | Tinstall | Tcheck | Ttotal | Status | Flags |
---|---|---|---|---|---|---|
r-devel-linux-x86_64-debian-clang | 2.3.1 | 7.32 | 117.47 | 124.79 | OK | |
r-devel-linux-x86_64-debian-gcc | 2.3.1 | 7.31 | 89.87 | 97.18 | OK | |
r-devel-linux-x86_64-fedora-clang | 2.3.1 | 164.83 | NOTE | |||
r-devel-linux-x86_64-fedora-gcc | 2.3.1 | 162.85 | OK | |||
r-devel-windows-x86_64 | 2.3.1 | 10.00 | 151.00 | 161.00 | NOTE | |
r-patched-linux-x86_64 | 2.3.1 | 15.33 | 116.23 | 131.56 | OK | |
r-release-linux-x86_64 | 2.3.1 | 7.43 | 113.20 | 120.63 | OK | |
r-release-macos-arm64 | 2.3.1 | 63.00 | NOTE | |||
r-release-macos-x86_64 | 2.3.1 | 117.00 | NOTE | |||
r-release-windows-x86_64 | 2.3.1 | 11.00 | 168.00 | 179.00 | NOTE | |
r-oldrel-macos-arm64 | 2.3.1 | 71.00 | NOTE | |||
r-oldrel-windows-x86_64 | 2.3.1 | 11.00 | 181.00 | 192.00 | NOTE |
Version: 2.3.1
Check: installed package size
Result: NOTE
installed size is 7.0Mb
sub-directories of 1Mb or more:
doc 5.9Mb
Flavors: r-devel-linux-x86_64-fedora-clang, r-devel-windows-x86_64, r-release-macos-arm64, r-release-macos-x86_64, r-release-windows-x86_64, r-oldrel-macos-arm64, r-oldrel-windows-x86_64