Last updated on 2024-03-12 07:50:09 CET.
Flavor | Version | Tinstall | Tcheck | Ttotal | Status | Flags |
---|---|---|---|---|---|---|
r-devel-linux-x86_64-debian-clang | 0.1.3 | 14.46 | 132.49 | 146.95 | OK | |
r-devel-linux-x86_64-debian-gcc | 0.1.3 | 11.70 | 104.47 | 116.17 | OK | |
r-devel-linux-x86_64-fedora-clang | 0.1.3 | 188.14 | NOTE | |||
r-devel-linux-x86_64-fedora-gcc | 0.1.3 | 196.12 | NOTE | |||
r-devel-windows-x86_64 | 0.1.3 | 13.00 | 124.00 | 137.00 | OK | |
r-patched-linux-x86_64 | 0.1.3 | 8.75 | 129.84 | 138.59 | OK | |
r-release-linux-x86_64 | 0.1.3 | 8.91 | 132.02 | 140.93 | OK | |
r-release-macos-arm64 | 0.1.3 | 74.00 | OK | |||
r-release-macos-x86_64 | 0.1.3 | 105.00 | OK | |||
r-release-windows-x86_64 | 0.1.3 | 17.00 | 138.00 | 155.00 | OK | |
r-oldrel-macos-arm64 | 0.1.3 | 69.00 | NOTE | |||
r-oldrel-windows-x86_64 | 0.1.3 | 18.00 | 144.00 | 162.00 | OK |
Version: 0.1.3
Check: dependencies in R code
Result: NOTE
Namespaces in Imports field not imported from:
‘doParallel’ ‘forecast’ ‘parallel’ ‘tidyr’
All declared Imports should be used.
Flavors: r-devel-linux-x86_64-fedora-clang, r-devel-linux-x86_64-fedora-gcc, r-oldrel-macos-arm64
Version: 0.1.3
Check: data for non-ASCII characters
Result: NOTE
Note: found 40 marked UTF-8 strings
Flavors: r-devel-linux-x86_64-fedora-clang, r-devel-linux-x86_64-fedora-gcc, r-oldrel-macos-arm64