Last updated on 2024-03-12 07:50:10 CET.
Flavor | Version | Tinstall | Tcheck | Ttotal | Status | Flags |
---|---|---|---|---|---|---|
r-devel-linux-x86_64-debian-clang | 1.0.8 | 10.76 | 102.42 | 113.18 | NOTE | |
r-devel-linux-x86_64-debian-gcc | 1.0.8 | 7.39 | 87.60 | 94.99 | NOTE | |
r-devel-linux-x86_64-fedora-clang | 1.0.8 | 160.85 | NOTE | |||
r-devel-linux-x86_64-fedora-gcc | 1.0.8 | 168.36 | NOTE | |||
r-devel-windows-x86_64 | 1.0.8 | 13.00 | 123.00 | 136.00 | NOTE | |
r-patched-linux-x86_64 | 1.0.8 | 8.08 | 129.18 | 137.26 | NOTE | |
r-release-linux-x86_64 | 1.0.8 | 8.55 | 160.24 | 168.79 | NOTE | |
r-release-macos-arm64 | 1.0.8 | 83.00 | NOTE | |||
r-release-macos-x86_64 | 1.0.8 | 124.00 | NOTE | |||
r-release-windows-x86_64 | 1.0.8 | 15.00 | 168.00 | 183.00 | NOTE | |
r-oldrel-macos-arm64 | 1.0.8 | 96.00 | NOTE | |||
r-oldrel-windows-x86_64 | 1.0.8 | 15.00 | 172.00 | 187.00 | NOTE |
Version: 1.0.8
Check: package dependencies
Result: NOTE
Packages suggested but not available for checking:
'RGtk2', 'gWidgets2RGtk2'
Flavors: r-devel-linux-x86_64-debian-clang, r-devel-linux-x86_64-debian-gcc, r-devel-linux-x86_64-fedora-clang, r-devel-linux-x86_64-fedora-gcc, r-devel-windows-x86_64, r-patched-linux-x86_64, r-release-linux-x86_64, r-release-macos-arm64, r-release-macos-x86_64, r-release-windows-x86_64, r-oldrel-macos-arm64
Version: 1.0.8
Check: package dependencies
Result: NOTE
Package suggested but not available for checking: 'RGtk2'
Flavor: r-oldrel-windows-x86_64