CRAN Package Check Results for Package TopKLists

Last updated on 2021-06-17 09:52:04 CEST.

Flavor Version Tinstall Tcheck Ttotal Status Flags
r-devel-linux-x86_64-debian-clang 1.0.7 11.36 194.55 205.91 OK
r-devel-linux-x86_64-debian-gcc 1.0.7 9.84 154.25 164.09 OK
r-devel-linux-x86_64-fedora-clang 1.0.7 253.57 OK
r-devel-linux-x86_64-fedora-gcc 1.0.7 253.31 OK
r-devel-windows-x86_64 1.0.7 22.00 231.00 253.00 OK
r-devel-windows-x86_64-gcc10-UCRT 1.0.7 OK
r-patched-linux-x86_64 1.0.7 11.25 191.97 203.22 OK
r-patched-solaris-x86 1.0.7 421.90 OK
r-release-linux-x86_64 1.0.7 11.62 193.13 204.75 OK
r-release-macos-arm64 1.0.7 NOTE
r-release-macos-x86_64 1.0.7 OK
r-release-windows-ix86+x86_64 1.0.7 33.00 270.00 303.00 OK
r-oldrel-macos-x86_64 1.0.7 OK
r-oldrel-windows-ix86+x86_64 1.0.7 24.00 273.00 297.00 OK

Check Details

Version: 1.0.7
Check: package dependencies
Result: NOTE
    Packages suggested but not available for checking:
     'RGtk2', 'gWidgets2RGtk2'
Flavor: r-release-macos-arm64