Last updated on 2024-04-20 08:51:17 CEST.
Flavor | Version | Tinstall | Tcheck | Ttotal | Status | Flags |
---|---|---|---|---|---|---|
r-devel-linux-x86_64-debian-clang | 0.1.1 | 6.99 | 60.98 | 67.97 | OK | |
r-devel-linux-x86_64-debian-gcc | 0.1.1 | 5.53 | 45.49 | 51.02 | OK | |
r-devel-linux-x86_64-fedora-clang | 0.1.1 | 83.05 | NOTE | |||
r-devel-linux-x86_64-fedora-gcc | 0.1.1 | 79.11 | NOTE | |||
r-prerel-macos-arm64 | 0.1.1 | 30.00 | OK | |||
r-prerel-windows-x86_64 | 0.1.1 | 7.00 | 68.00 | 75.00 | OK | |
r-patched-linux-x86_64 | 0.1.1 | 6.47 | 57.65 | 64.12 | OK | |
r-release-linux-x86_64 | 0.1.1 | 4.11 | 57.05 | 61.16 | OK | |
r-release-macos-arm64 | 0.1.1 | 27.00 | OK | |||
r-release-macos-x86_64 | 0.1.1 | 42.00 | OK | |||
r-release-windows-x86_64 | 0.1.1 | 9.00 | 81.00 | 90.00 | OK | |
r-oldrel-macos-arm64 | 0.1.1 | 29.00 | NOTE | |||
r-oldrel-windows-x86_64 | 0.1.1 | 9.00 | 107.00 | 116.00 | OK |
Version: 0.1.1
Check: dependencies in R code
Result: NOTE
Namespace in Imports field not imported from: ‘tree’
All declared Imports should be used.
Flavors: r-devel-linux-x86_64-fedora-clang, r-devel-linux-x86_64-fedora-gcc, r-oldrel-macos-arm64