Last updated on 2024-04-19 08:54:58 CEST.
Flavor | Version | Tinstall | Tcheck | Ttotal | Status | Flags |
---|---|---|---|---|---|---|
r-devel-linux-x86_64-debian-clang | 1.5.0 | 51.67 | 418.89 | 470.56 | OK | |
r-devel-linux-x86_64-debian-gcc | 1.5.0 | OK | ||||
r-devel-linux-x86_64-fedora-clang | 1.5.0 | 597.18 | OK | |||
r-devel-linux-x86_64-fedora-gcc | 1.5.0 | 595.12 | OK | |||
r-prerel-macos-arm64 | 1.5.0 | 153.00 | NOTE | |||
r-prerel-macos-x86_64 | 1.5.0 | 375.00 | NOTE | |||
r-prerel-windows-x86_64 | 1.5.0 | 54.00 | 324.00 | 378.00 | NOTE | |
r-patched-linux-x86_64 | 1.5.0 | 60.31 | 398.78 | 459.09 | OK | |
r-release-linux-x86_64 | 1.5.0 | 37.24 | 420.36 | 457.60 | OK | |
r-release-macos-arm64 | 1.5.0 | 179.00 | NOTE | |||
r-release-macos-x86_64 | 1.5.0 | 386.00 | NOTE | |||
r-release-windows-x86_64 | 1.5.0 | 64.00 | 432.00 | 496.00 | NOTE | |
r-oldrel-macos-arm64 | 1.5.0 | 182.00 | NOTE | |||
r-oldrel-windows-x86_64 | 1.5.0 | 65.00 | 424.00 | 489.00 | NOTE |
Version: 1.5.0
Check: installed package size
Result: NOTE
installed size is 5.9Mb
sub-directories of 1Mb or more:
datasets 1.6Mb
doc 1.3Mb
libs 1.4Mb
Flavors: r-prerel-macos-arm64, r-prerel-macos-x86_64, r-prerel-windows-x86_64, r-release-macos-arm64, r-release-macos-x86_64, r-release-windows-x86_64, r-oldrel-macos-arm64, r-oldrel-windows-x86_64