Last updated on 2023-02-04 08:01:31 CET.
Flavor | Version | Tinstall | Tcheck | Ttotal | Status | Flags |
---|---|---|---|---|---|---|
r-devel-linux-x86_64-debian-clang | 1.9.0 | 81.15 | 170.62 | 251.77 | NOTE | |
r-devel-linux-x86_64-debian-gcc | 1.9.0 | 71.56 | 128.51 | 200.07 | NOTE | |
r-devel-linux-x86_64-fedora-clang | 1.9.0 | 328.70 | NOTE | |||
r-devel-linux-x86_64-fedora-gcc | 1.9.0 | 327.39 | NOTE | |||
r-devel-windows-x86_64 | 1.9.0 | 207.00 | 267.00 | 474.00 | NOTE | |
r-patched-linux-x86_64 | 1.9.0 | 79.50 | 157.03 | 236.53 | OK | |
r-release-linux-x86_64 | 1.9.0 | 66.06 | 154.71 | 220.77 | OK | |
r-release-macos-arm64 | 1.9.0 | 77.00 | NOTE | |||
r-release-macos-x86_64 | 1.9.0 | 108.00 | NOTE | |||
r-release-windows-x86_64 | 1.9.0 | 151.00 | 244.00 | 395.00 | OK | |
r-oldrel-macos-arm64 | 1.9.0 | 84.00 | NOTE | |||
r-oldrel-macos-x86_64 | 1.9.0 | 109.00 | NOTE | |||
r-oldrel-windows-ix86+x86_64 | 1.9.0 | 182.00 | 328.00 | 510.00 | OK |
Version: 1.9.0
Check: C++ specification
Result: NOTE
Specified C++14: please update to current default of C++17
Flavors: r-devel-linux-x86_64-debian-clang, r-devel-linux-x86_64-debian-gcc, r-devel-linux-x86_64-fedora-clang, r-devel-linux-x86_64-fedora-gcc, r-devel-windows-x86_64
Version: 1.9.0
Check: installed package size
Result: NOTE
installed size is 5.4Mb
sub-directories of 1Mb or more:
R 1.1Mb
libs 3.4Mb
Flavors: r-release-macos-arm64, r-release-macos-x86_64, r-oldrel-macos-arm64, r-oldrel-macos-x86_64