CRAN Package Check Results for Package TukeyC

Last updated on 2021-05-18 08:48:31 CEST.

Flavor Version Tinstall Tcheck Ttotal Status Flags
r-devel-linux-x86_64-debian-clang 1.3-3 11.54 102.83 114.37 OK
r-devel-linux-x86_64-debian-gcc 1.3-3 8.23 77.95 86.18 OK
r-devel-linux-x86_64-fedora-clang 1.3-3 147.61 NOTE
r-devel-linux-x86_64-fedora-gcc 1.3-3 132.46 OK
r-devel-windows-ix86+x86_64 1.3-3 28.00 124.00 152.00 OK
r-devel-windows-x86_64-gcc10-UCRT 1.3-3 OK
r-patched-linux-x86_64 1.3-3 10.53 98.38 108.91 OK
r-patched-solaris-x86 1.3-3 192.10 OK
r-release-linux-x86_64 1.3-3 10.80 94.56 105.36 OK
r-release-macos-x86_64 1.3-3 OK
r-release-windows-ix86+x86_64 1.3-3 19.00 89.00 108.00 OK
r-oldrel-macos-x86_64 1.3-3 OK
r-oldrel-windows-ix86+x86_64 1.3-3 23.00 121.00 144.00 OK

Check Details

Version: 1.3-3
Check: Rd cross-references
Result: NOTE
    Undeclared packages ‘multcomp’, ‘agricolae’ in Rd xrefs
Flavor: r-devel-linux-x86_64-fedora-clang