Last updated on 2024-04-20 08:51:17 CEST.
Flavor | Version | Tinstall | Tcheck | Ttotal | Status | Flags |
---|---|---|---|---|---|---|
r-devel-linux-x86_64-debian-clang | 2.0.0 | 17.47 | 108.67 | 126.14 | OK | |
r-devel-linux-x86_64-debian-gcc | 2.0.0 | 14.31 | 79.56 | 93.87 | OK | |
r-devel-linux-x86_64-fedora-clang | 2.0.0 | 160.79 | NOTE | |||
r-devel-linux-x86_64-fedora-gcc | 2.0.0 | 167.55 | OK | |||
r-prerel-macos-arm64 | 2.0.0 | 56.00 | NOTE | |||
r-prerel-macos-x86_64 | 2.0.0 | 66.00 | NOTE | |||
r-prerel-windows-x86_64 | 2.0.0 | 20.00 | 111.00 | 131.00 | NOTE | |
r-patched-linux-x86_64 | 2.0.0 | 16.96 | 100.11 | 117.07 | OK | |
r-release-linux-x86_64 | 2.0.0 | 13.14 | 119.55 | 132.69 | OK | |
r-release-macos-arm64 | 2.0.0 | 46.00 | NOTE | |||
r-release-macos-x86_64 | 2.0.0 | 74.00 | NOTE | |||
r-release-windows-x86_64 | 2.0.0 | 24.00 | 156.00 | 180.00 | NOTE | |
r-oldrel-macos-arm64 | 2.0.0 | 53.00 | NOTE | |||
r-oldrel-windows-x86_64 | 2.0.0 | 26.00 | 160.00 | 186.00 | NOTE |
Version: 2.0.0
Check: installed package size
Result: NOTE
installed size is 8.2Mb
sub-directories of 1Mb or more:
doc 1.4Mb
shinyapp 5.0Mb
Flavors: r-devel-linux-x86_64-fedora-clang, r-prerel-macos-arm64, r-prerel-macos-x86_64, r-prerel-windows-x86_64, r-release-macos-arm64, r-release-macos-x86_64, r-release-windows-x86_64, r-oldrel-macos-arm64, r-oldrel-windows-x86_64