CRAN Package Check Results for Package UCSCXenaShiny

Last updated on 2021-07-30 08:50:26 CEST.

Flavor Version Tinstall Tcheck Ttotal Status Flags
r-devel-linux-x86_64-debian-clang 1.1.0 OK
r-devel-linux-x86_64-debian-gcc 1.1.0 9.45 77.04 86.49 OK
r-devel-linux-x86_64-fedora-clang 1.1.1 137.61 NOTE
r-devel-linux-x86_64-fedora-gcc 1.1.1 125.73 OK
r-devel-windows-x86_64 1.1.0 32.00 138.00 170.00 NOTE
r-devel-windows-x86_64-gcc10-UCRT 1.0.1 OK
r-patched-linux-x86_64 1.1.0 OK
r-patched-solaris-x86 1.1.1 192.80 NOTE
r-release-linux-x86_64 1.1.0 12.29 97.12 109.41 OK
r-release-macos-arm64 1.1.0 WARN
r-release-macos-x86_64 1.1.0 NOTE
r-release-windows-ix86+x86_64 1.1.0 29.00 133.00 162.00 NOTE
r-oldrel-macos-x86_64 1.1.0 NOTE
r-oldrel-windows-ix86+x86_64 1.1.0 29.00 150.00 179.00 NOTE

Check Details

Version: 1.1.1
Check: installed package size
Result: NOTE
     installed size is 6.9Mb
     sub-directories of 1Mb or more:
     doc 1.6Mb
     shinyapp 3.4Mb
Flavors: r-devel-linux-x86_64-fedora-clang, r-patched-solaris-x86

Version: 1.1.0
Check: installed package size
Result: NOTE
     installed size is 6.0Mb
     sub-directories of 1Mb or more:
     doc 1.1Mb
     shinyapp 3.4Mb
Flavors: r-devel-windows-x86_64, r-release-macos-arm64, r-release-macos-x86_64, r-release-windows-ix86+x86_64, r-oldrel-macos-x86_64, r-oldrel-windows-ix86+x86_64

Version: 1.1.0
Check: re-building of vignette outputs
Result: WARN
    Error(s) in re-building vignettes:
     ...
    --- re-building ‘api.Rmd’ using rmarkdown
    Warning in engine$weave(file, quiet = quiet, encoding = enc) :
     Pandoc (>= 1.12.3) not available. Falling back to R Markdown v1.
    Quitting from lines 83-84 (api.Rmd)
    Error: processing vignette 'api.Rmd' failed with diagnostics:
    polygon edge not found
    --- failed re-building ‘api.Rmd’
    
    SUMMARY: processing the following file failed:
     ‘api.Rmd’
    
    Error: Vignette re-building failed.
    Execution halted
Flavor: r-release-macos-arm64