Last updated on 2024-04-19 08:54:58 CEST.
Flavor | Version | Tinstall | Tcheck | Ttotal | Status | Flags |
---|---|---|---|---|---|---|
r-devel-linux-x86_64-debian-clang | 4.0.2 | 139.74 | 115.84 | 255.58 | OK | |
r-devel-linux-x86_64-debian-gcc | 4.0.2 | OK | ||||
r-devel-linux-x86_64-fedora-clang | 4.0.2 | 322.38 | OK | |||
r-devel-linux-x86_64-fedora-gcc | 4.0.2 | 384.66 | OK | |||
r-prerel-macos-arm64 | 4.0.2 | 74.00 | NOTE | |||
r-prerel-windows-x86_64 | 4.0.2 | 95.00 | 275.00 | 370.00 | OK | |
r-patched-linux-x86_64 | 4.0.2 | 153.52 | 111.00 | 264.52 | OK | |
r-release-linux-x86_64 | 4.0.2 | 142.69 | 114.56 | 257.25 | OK | |
r-release-macos-arm64 | 4.0.2 | 98.00 | NOTE | |||
r-release-macos-x86_64 | 4.0.2 | 179.00 | NOTE | |||
r-release-windows-x86_64 | 4.0.2 | 129.00 | 182.00 | 311.00 | OK | |
r-oldrel-macos-arm64 | 4.0.2 | 89.00 | NOTE | |||
r-oldrel-windows-x86_64 | 4.0.2 | 123.00 | 184.00 | 307.00 | OK |
Version: 4.0.2
Check: installed package size
Result: NOTE
installed size is 18.5Mb
sub-directories of 1Mb or more:
libs 18.1Mb
Flavors: r-prerel-macos-arm64, r-release-macos-arm64, r-release-macos-x86_64, r-oldrel-macos-arm64