Last updated on 2024-03-12 07:50:10 CET.
Flavor | Version | Tinstall | Tcheck | Ttotal | Status | Flags |
---|---|---|---|---|---|---|
r-devel-linux-x86_64-debian-clang | 2.0 | 4.67 | 38.00 | 42.67 | NOTE | |
r-devel-linux-x86_64-debian-gcc | 2.0 | 4.05 | 29.44 | 33.49 | NOTE | |
r-devel-linux-x86_64-fedora-clang | 2.0 | 54.57 | NOTE | |||
r-devel-linux-x86_64-fedora-gcc | 2.0 | 52.27 | NOTE | |||
r-devel-windows-x86_64 | 2.0 | 5.00 | 53.00 | 58.00 | NOTE | |
r-patched-linux-x86_64 | 2.0 | 6.06 | 38.69 | 44.75 | OK | |
r-release-linux-x86_64 | 2.0 | 4.88 | 38.25 | 43.13 | OK | |
r-release-macos-arm64 | 2.0 | 20.00 | OK | |||
r-release-macos-x86_64 | 2.0 | 30.00 | OK | |||
r-release-windows-x86_64 | 2.0 | 5.00 | 52.00 | 57.00 | OK | |
r-oldrel-macos-arm64 | 2.0 | 19.00 | OK | |||
r-oldrel-windows-x86_64 | 2.0 | 6.00 | 63.00 | 69.00 | OK |
Version: 2.0
Check: Rd contents
Result: NOTE
Argument items with no description in Rd file 'HC.Rd':
‘X’ ‘K’
Argument items with no description in Rd file 'KA.Rd':
‘X’ ‘K’ ‘distancemetric’
Argument items with no description in Rd file 'SOMs.Rd':
‘X’ ‘K’ ‘topo’ ‘rlen’ ‘alpha’ ‘n.hood’
Argument items with no description in Rd file 'binarise.Rd':
‘U’ ‘K’ ‘technique’ ‘parameter’
Argument items with no description in Rd file 'closestToSquareFactors.Rd':
‘n’
Argument items with no description in Rd file 'clustDist.Rd':
‘U1’ ‘U2’ ‘X’ ‘criterion’
Argument items with no description in Rd file 'clustVec2partMat.Rd':
‘C’
Argument items with no description in Rd file 'clusterDataset.Rd':
‘X’ ‘K’ ‘D’ ‘methods’
Argument items with no description in Rd file 'factors.Rd':
‘n’ ‘primeonly’
Argument items with no description in Rd file 'fixnans.Rd':
‘X’ ‘type’
Argument items with no description in Rd file 'fuzzystretch.Rd':
‘X’ ‘x0’
Argument items with no description in Rd file 'generateCoPaM.Rd':
‘U’ ‘relabel_technique’ ‘w’ ‘X’ ‘distCriterion’ ‘K’ ‘GDM’
Argument items with no description in Rd file 'isValidBPM.Rd':
‘U’
Argument items with no description in Rd file 'isempty.Rd':
‘X’
Argument items with no description in Rd file 'isnullorempty.Rd':
‘X’
Argument items with no description in Rd file 'kmeansKA.Rd':
‘X’ ‘K’ ‘distancemetric’ ‘iter.max’ ‘nstart’ ‘algorithm’ ‘trace’
Argument items with no description in Rd file 'mnplots.Rd':
‘Vmse’ ‘mseCache’ ‘subplotdim’ ‘subplotind’ ‘minimiseDistance’
Argument items with no description in Rd file 'mseclusters.Rd':
‘X’ ‘B’ ‘normalise’
Argument items with no description in Rd file 'normaliseMatrix.Rd':
‘X’ ‘type’
Argument items with no description in Rd file 'partMat2clustVec.rd':
‘U’ ‘skipValidity’
Argument items with no description in Rd file 'permutations.Rd':
‘n’
Argument items with no description in Rd file 'relabelClusts.Rd':
‘ref’ ‘input’ ‘technique’ ‘X’ ‘distCriterion’
Flavors: r-devel-linux-x86_64-debian-clang, r-devel-linux-x86_64-debian-gcc, r-devel-linux-x86_64-fedora-clang, r-devel-linux-x86_64-fedora-gcc, r-devel-windows-x86_64