CRAN Package Check Results for Package USP

Last updated on 2023-02-08 07:54:47 CET.

Flavor Version Tinstall Tcheck Ttotal Status Flags
r-devel-linux-x86_64-debian-clang 0.1.2 1.86 32.31 34.17 NOTE
r-devel-linux-x86_64-debian-gcc 0.1.2 1.40 25.37 26.77 NOTE
r-devel-linux-x86_64-fedora-clang 0.1.2 44.09 NOTE
r-devel-linux-x86_64-fedora-gcc 0.1.2 42.96 NOTE
r-devel-windows-x86_64 0.1.2 13.00 64.00 77.00 NOTE
r-patched-linux-x86_64 0.1.2 2.32 30.84 33.16 NOTE
r-release-linux-x86_64 0.1.2 2.27 30.86 33.13 NOTE
r-release-macos-arm64 0.1.2 20.00 NOTE
r-release-macos-x86_64 0.1.2 27.00 NOTE
r-release-windows-x86_64 0.1.2 11.00 66.00 77.00 NOTE
r-oldrel-macos-arm64 0.1.2 24.00 NOTE
r-oldrel-macos-x86_64 0.1.2 33.00 NOTE
r-oldrel-windows-ix86+x86_64 0.1.2 6.00 55.00 61.00 NOTE

Check Details

Version: 0.1.2
Check: LazyData
Result: NOTE
     'LazyData' is specified without a 'data' directory
Flavors: r-devel-linux-x86_64-debian-clang, r-devel-linux-x86_64-debian-gcc, r-devel-linux-x86_64-fedora-clang, r-devel-linux-x86_64-fedora-gcc, r-devel-windows-x86_64, r-patched-linux-x86_64, r-release-linux-x86_64, r-release-macos-arm64, r-release-macos-x86_64, r-release-windows-x86_64, r-oldrel-macos-arm64, r-oldrel-macos-x86_64, r-oldrel-windows-ix86+x86_64