Last updated on 2024-04-24 07:57:57 CEST.
Flavor | Version | Tinstall | Tcheck | Ttotal | Status | Flags |
---|---|---|---|---|---|---|
r-devel-linux-x86_64-debian-clang | 0.1.2 | 2.61 | 31.90 | 34.51 | NOTE | |
r-devel-linux-x86_64-debian-gcc | 0.1.2 | 1.79 | 25.20 | 26.99 | NOTE | |
r-devel-linux-x86_64-fedora-clang | 0.1.2 | 43.60 | NOTE | |||
r-devel-linux-x86_64-fedora-gcc | 0.1.2 | 41.15 | NOTE | |||
r-prerel-macos-arm64 | 0.1.2 | 20.00 | NOTE | |||
r-prerel-windows-x86_64 | 0.1.2 | 3.00 | 50.00 | 53.00 | NOTE | |
r-patched-linux-x86_64 | 0.1.2 | 1.75 | 31.74 | 33.49 | NOTE | |
r-release-linux-x86_64 | 0.1.2 | 1.75 | 31.49 | 33.24 | NOTE | |
r-release-macos-arm64 | 0.1.2 | 21.00 | NOTE | |||
r-release-macos-x86_64 | 0.1.2 | 35.00 | NOTE | |||
r-release-windows-x86_64 | 0.1.2 | 3.00 | 51.00 | 54.00 | NOTE | |
r-oldrel-macos-arm64 | 0.1.2 | 20.00 | NOTE | |||
r-oldrel-windows-x86_64 | 0.1.2 | 4.00 | 52.00 | 56.00 | NOTE |
Version: 0.1.2
Check: LazyData
Result: NOTE
'LazyData' is specified without a 'data' directory
Flavors: r-devel-linux-x86_64-debian-clang, r-devel-linux-x86_64-debian-gcc, r-devel-linux-x86_64-fedora-clang, r-devel-linux-x86_64-fedora-gcc, r-prerel-macos-arm64, r-prerel-windows-x86_64, r-patched-linux-x86_64, r-release-linux-x86_64, r-release-macos-arm64, r-release-macos-x86_64, r-release-windows-x86_64, r-oldrel-macos-arm64, r-oldrel-windows-x86_64