Last updated on 2024-04-26 08:55:19 CEST.
Flavor | Version | Tinstall | Tcheck | Ttotal | Status | Flags |
---|---|---|---|---|---|---|
r-devel-linux-x86_64-debian-clang | 1.4.0 | 9.35 | 74.57 | 83.92 | NOTE | |
r-devel-linux-x86_64-debian-gcc | 1.4.0 | 7.29 | 54.79 | 62.08 | NOTE | |
r-devel-linux-x86_64-fedora-clang | 1.4.0 | 106.30 | NOTE | |||
r-devel-linux-x86_64-fedora-gcc | 1.4.0 | 260.57 | NOTE | |||
r-devel-windows-x86_64 | 1.4.0 | 9.00 | 71.00 | 80.00 | NOTE | |
r-patched-linux-x86_64 | 1.4.0 | 6.66 | 68.45 | 75.11 | NOTE | |
r-release-linux-x86_64 | 1.4.0 | 7.52 | 68.45 | 75.97 | NOTE | |
r-release-macos-arm64 | 1.4.0 | 64.00 | NOTE | |||
r-release-windows-x86_64 | 1.4.0 | 10.00 | 70.00 | 80.00 | NOTE | |
r-oldrel-macos-arm64 | 1.4.0 | 66.00 | NOTE | |||
r-oldrel-macos-x86_64 | 1.4.0 | 101.00 | NOTE | |||
r-oldrel-windows-x86_64 | 1.4.0 | 14.00 | 88.00 | 102.00 | NOTE |
Version: 1.4.0
Check: LazyData
Result: NOTE
'LazyData' is specified without a 'data' directory
Flavors: r-devel-linux-x86_64-debian-clang, r-devel-linux-x86_64-debian-gcc, r-devel-linux-x86_64-fedora-clang, r-devel-linux-x86_64-fedora-gcc, r-devel-windows-x86_64, r-patched-linux-x86_64, r-release-linux-x86_64, r-release-macos-arm64, r-release-windows-x86_64, r-oldrel-macos-arm64, r-oldrel-macos-x86_64, r-oldrel-windows-x86_64
Version: 1.4.0
Check: installed package size
Result: NOTE
installed size is 8.1Mb
sub-directories of 1Mb or more:
doc 7.6Mb
Flavors: r-devel-linux-x86_64-fedora-clang, r-devel-windows-x86_64, r-release-macos-arm64, r-release-windows-x86_64, r-oldrel-macos-arm64, r-oldrel-macos-x86_64, r-oldrel-windows-x86_64