Last updated on 2024-03-12 07:50:10 CET.
Flavor | Version | Tinstall | Tcheck | Ttotal | Status | Flags |
---|---|---|---|---|---|---|
r-devel-linux-x86_64-debian-clang | 1.0 | 37.13 | 74.85 | 111.98 | NOTE | |
r-devel-linux-x86_64-debian-gcc | 1.0 | 31.83 | 58.17 | 90.00 | NOTE | |
r-devel-linux-x86_64-fedora-clang | 1.0 | 153.75 | NOTE | |||
r-devel-linux-x86_64-fedora-gcc | 1.0 | 156.00 | NOTE | |||
r-devel-windows-x86_64 | 1.0 | 32.00 | 96.00 | 128.00 | NOTE | |
r-patched-linux-x86_64 | 1.0 | 35.70 | 73.43 | 109.13 | NOTE | |
r-release-linux-x86_64 | 1.0 | 35.38 | 74.81 | 110.19 | NOTE | |
r-release-macos-arm64 | 1.0 | 48.00 | NOTE | |||
r-release-macos-x86_64 | 1.0 | 70.00 | NOTE | |||
r-release-windows-x86_64 | 1.0 | 42.00 | 105.00 | 147.00 | NOTE | |
r-oldrel-macos-arm64 | 1.0 | 44.00 | OK | |||
r-oldrel-windows-x86_64 | 1.0 | 40.00 | 105.00 | 145.00 | OK |
Version: 1.0
Check: C++ specification
Result: NOTE
Specified C++11: please drop specification unless essential
Flavors: r-devel-linux-x86_64-debian-clang, r-devel-linux-x86_64-debian-gcc, r-devel-linux-x86_64-fedora-clang, r-devel-linux-x86_64-fedora-gcc, r-devel-windows-x86_64, r-patched-linux-x86_64, r-release-linux-x86_64, r-release-macos-arm64, r-release-macos-x86_64, r-release-windows-x86_64