Last updated on 2024-08-31 08:48:26 CEST.
Flavor | Version | Tinstall | Tcheck | Ttotal | Status | Flags |
---|---|---|---|---|---|---|
r-devel-linux-x86_64-debian-clang | 1.0 | 27.29 | 59.00 | 86.29 | NOTE | |
r-devel-linux-x86_64-debian-gcc | 1.0 | 17.85 | 44.38 | 62.23 | NOTE | |
r-devel-linux-x86_64-fedora-clang | 1.0 | 142.44 | NOTE | |||
r-devel-linux-x86_64-fedora-gcc | 1.0 | 140.22 | NOTE | |||
r-devel-windows-x86_64 | 1.0 | 29.00 | 95.00 | 124.00 | NOTE | |
r-patched-linux-x86_64 | 1.0 | 21.78 | 56.16 | 77.94 | NOTE | |
r-release-linux-x86_64 | 1.0 | 24.58 | 56.75 | 81.33 | NOTE | |
r-release-macos-arm64 | 1.0 | 39.00 | NOTE | |||
r-release-macos-x86_64 | 1.0 | 59.00 | NOTE | |||
r-release-windows-x86_64 | 1.0 | 31.00 | 103.00 | 134.00 | NOTE | |
r-oldrel-macos-arm64 | 1.0 | 48.00 | NOTE | |||
r-oldrel-macos-x86_64 | 1.0 | 70.00 | NOTE | |||
r-oldrel-windows-x86_64 | 1.0 | 34.00 | 110.00 | 144.00 | NOTE |
Version: 1.0
Check: C++ specification
Result: NOTE
Specified C++11: please drop specification unless essential
Flavors: r-devel-linux-x86_64-debian-clang, r-devel-linux-x86_64-debian-gcc, r-devel-linux-x86_64-fedora-clang, r-devel-linux-x86_64-fedora-gcc, r-devel-windows-x86_64, r-patched-linux-x86_64, r-release-linux-x86_64, r-release-macos-arm64, r-release-macos-x86_64, r-release-windows-x86_64, r-oldrel-macos-arm64, r-oldrel-macos-x86_64, r-oldrel-windows-x86_64