Last updated on 2024-08-31 08:48:26 CEST.
Flavor | Version | Tinstall | Tcheck | Ttotal | Status | Flags |
---|---|---|---|---|---|---|
r-devel-linux-x86_64-debian-clang | 5.0.0 | 20.05 | 37.02 | 57.07 | OK | |
r-devel-linux-x86_64-debian-gcc | 5.0.0 | 16.57 | 28.91 | 45.48 | OK | |
r-devel-linux-x86_64-fedora-gcc | 5.0.0 | 118.53 | NOTE | |||
r-devel-windows-x86_64 | 5.0.0 | 51.00 | 128.00 | 179.00 | NOTE | |
r-patched-linux-x86_64 | 5.0.0 | 20.70 | 35.83 | 56.53 | OK | |
r-release-linux-x86_64 | 5.0.0 | 20.63 | 35.02 | 55.65 | OK | |
r-release-macos-arm64 | 5.0.0 | 76.00 | NOTE | |||
r-release-macos-x86_64 | 5.0.0 | 156.00 | NOTE | |||
r-release-windows-x86_64 | 5.0.0 | 65.00 | 127.00 | 192.00 | NOTE | |
r-oldrel-macos-arm64 | 5.0.0 | 67.00 | NOTE | |||
r-oldrel-macos-x86_64 | 5.0.0 | 133.00 | NOTE | |||
r-oldrel-windows-x86_64 | 5.0.0 | 84.00 | 145.00 | 229.00 | NOTE |
Version: 5.0.0
Check: tests
Result: NOTE
Running ‘engine.R’
Comparing ‘engine.Rout’ to ‘engine.Rout.save’ ...4d3
< Using V8 engine 9.4.146.26-node.22
Running ‘testthat.R’
Flavor: r-devel-linux-x86_64-fedora-gcc
Version: 5.0.0
Check: installed package size
Result: NOTE
installed size is 23.9Mb
sub-directories of 1Mb or more:
doc 1.8Mb
libs 21.9Mb
Flavors: r-devel-windows-x86_64, r-release-macos-arm64, r-release-macos-x86_64, r-release-windows-x86_64, r-oldrel-macos-arm64, r-oldrel-macos-x86_64, r-oldrel-windows-x86_64
Version: 5.0.0
Check: tests
Result: NOTE
Running 'engine.R' [0s]
Comparing 'engine.Rout' to 'engine.Rout.save' ...4d3
< Using V8 engine 11.8.172.13
Running 'testthat.R' [2s]
Flavor: r-devel-windows-x86_64