Last updated on 2024-04-19 08:54:59 CEST.
Flavor | Version | Tinstall | Tcheck | Ttotal | Status | Flags |
---|---|---|---|---|---|---|
r-devel-linux-x86_64-debian-clang | 1.4.1 | 12.38 | 146.02 | 158.40 | NOTE | |
r-devel-linux-x86_64-debian-gcc | 1.4.1 | NOTE | ||||
r-devel-linux-x86_64-fedora-clang | 1.4.1 | 197.31 | NOTE | |||
r-devel-linux-x86_64-fedora-gcc | 1.4.1 | 203.53 | NOTE | |||
r-prerel-macos-arm64 | 1.4.1 | 57.00 | NOTE | |||
r-prerel-windows-x86_64 | 1.4.1 | 12.00 | 113.00 | 125.00 | NOTE | |
r-patched-linux-x86_64 | 1.4.1 | 20.10 | 136.40 | 156.50 | NOTE | |
r-release-linux-x86_64 | 1.4.1 | 12.12 | 141.20 | 153.32 | OK | |
r-release-macos-arm64 | 1.4.1 | 62.00 | OK | |||
r-release-macos-x86_64 | 1.4.1 | 100.00 | OK | |||
r-release-windows-x86_64 | 1.4.1 | 14.00 | 141.00 | 155.00 | OK | |
r-oldrel-macos-arm64 | 1.4.1 | 60.00 | OK | |||
r-oldrel-windows-x86_64 | 1.4.1 | 15.00 | 137.00 | 152.00 | OK |
Version: 1.4.1
Check: Rd files
Result: NOTE
checkRd: (-1) fit.vfp.Rd:79: Lost braces in \itemize; meant \describe ?
checkRd: (-1) fit.vfp.Rd:80: Lost braces in \itemize; meant \describe ?
checkRd: (-1) fit.vfp.Rd:81: Lost braces in \itemize; meant \describe ?
checkRd: (-1) fit.vfp.Rd:82: Lost braces in \itemize; meant \describe ?
checkRd: (-1) fit.vfp.Rd:83: Lost braces in \itemize; meant \describe ?
checkRd: (-1) fit.vfp.Rd:84: Lost braces in \itemize; meant \describe ?
checkRd: (-1) fit.vfp.Rd:85: Lost braces in \itemize; meant \describe ?
checkRd: (-1) fit.vfp.Rd:86: Lost braces in \itemize; meant \describe ?
checkRd: (-1) fit.vfp.Rd:87: Lost braces in \itemize; meant \describe ?
checkRd: (-1) fit.vfp.Rd:88: Lost braces in \itemize; meant \describe ?
Flavors: r-devel-linux-x86_64-debian-clang, r-devel-linux-x86_64-debian-gcc, r-devel-linux-x86_64-fedora-clang, r-devel-linux-x86_64-fedora-gcc, r-prerel-macos-arm64, r-prerel-windows-x86_64, r-patched-linux-x86_64