Last updated on 2024-03-12 07:50:10 CET.
Flavor | Version | Tinstall | Tcheck | Ttotal | Status | Flags |
---|---|---|---|---|---|---|
r-devel-linux-x86_64-debian-clang | 2.1.3.1 | 350.99 | 169.12 | 520.11 | OK | |
r-devel-linux-x86_64-debian-gcc | 2.1.3.1 | 263.03 | 114.80 | 377.83 | OK | |
r-devel-linux-x86_64-fedora-clang | 2.1.3.1 | 765.59 | OK | |||
r-devel-linux-x86_64-fedora-gcc | 2.1.3.1 | 734.39 | OK | |||
r-devel-windows-x86_64 | 2.1.3.1 | 261.00 | 178.00 | 439.00 | OK | |
r-patched-linux-x86_64 | 2.1.3.1 | 332.76 | 151.06 | 483.82 | OK | |
r-release-linux-x86_64 | 2.1.3.1 | 340.19 | 147.39 | 487.58 | OK | |
r-release-macos-arm64 | 2.1.3.1 | 175.00 | NOTE | |||
r-release-macos-x86_64 | 2.1.3.1 | 299.00 | NOTE | |||
r-release-windows-x86_64 | 2.1.3.1 | 329.00 | 198.00 | 527.00 | OK | |
r-oldrel-macos-arm64 | 2.1.3.1 | 148.00 | NOTE | |||
r-oldrel-windows-x86_64 | 2.1.3.1 | 317.00 | 202.00 | 519.00 | OK |
Version: 2.1.3.1
Check: installed package size
Result: NOTE
installed size is 8.9Mb
sub-directories of 1Mb or more:
libs 8.1Mb
Flavors: r-release-macos-arm64, r-release-macos-x86_64, r-oldrel-macos-arm64