Last updated on 2023-03-30 08:54:03 CEST.
Flavor | Version | Tinstall | Tcheck | Ttotal | Status | Flags |
---|---|---|---|---|---|---|
r-devel-linux-x86_64-debian-clang | 1.0.0 | 13.74 | 110.03 | 123.77 | NOTE | |
r-devel-linux-x86_64-debian-gcc | 1.0.0 | 11.07 | 82.63 | 93.70 | NOTE | |
r-devel-linux-x86_64-fedora-clang | 1.0.0 | 151.83 | NOTE | |||
r-devel-linux-x86_64-fedora-gcc | 1.0.0 | 149.95 | NOTE | |||
r-devel-windows-x86_64 | 1.0.0 | 50.00 | 0.00 | 50.00 | NOTE | |
r-patched-linux-x86_64 | 1.0.0 | 10.25 | 103.27 | 113.52 | NOTE | |
r-release-linux-x86_64 | 1.0.0 | 10.30 | 102.66 | 112.96 | OK | |
r-release-macos-arm64 | 1.0.0 | 43.00 | NOTE | |||
r-release-macos-x86_64 | 1.0.0 | 81.00 | NOTE | |||
r-release-windows-x86_64 | 1.0.0 | 49.00 | 134.00 | 183.00 | OK | |
r-oldrel-macos-arm64 | 1.0.0 | 48.00 | NOTE | |||
r-oldrel-macos-x86_64 | 1.0.0 | 65.00 | NOTE | |||
r-oldrel-windows-ix86+x86_64 | 1.0.0 | 29.00 | 128.00 | 157.00 | OK |
Version: 1.0.0
Check: Rd files
Result: NOTE
checkRd: (-1) ex121.Rd:18: Escaped LaTeX specials: \&
checkRd: (-1) ex124.Rd:18: Escaped LaTeX specials: \&
checkRd: (-1) ex125.Rd:18: Escaped LaTeX specials: \&
checkRd: (-1) ex127.Rd:18: Escaped LaTeX specials: \&
checkRd: (-1) ex32.Rd:18: Escaped LaTeX specials: \&
checkRd: (-1) ex33.Rd:18: Escaped LaTeX specials: \&
Flavors: r-devel-linux-x86_64-debian-clang, r-devel-linux-x86_64-debian-gcc, r-devel-linux-x86_64-fedora-clang, r-devel-linux-x86_64-fedora-gcc, r-devel-windows-x86_64, r-patched-linux-x86_64
Version: 1.0.0
Check: dependencies in R code
Result: NOTE
Namespace in Imports field not imported from: ‘nlme’
All declared Imports should be used.
Flavors: r-devel-linux-x86_64-fedora-clang, r-devel-linux-x86_64-fedora-gcc, r-release-macos-arm64, r-release-macos-x86_64, r-oldrel-macos-arm64, r-oldrel-macos-x86_64