Last updated on 2024-04-19 08:54:59 CEST.
Flavor | Version | Tinstall | Tcheck | Ttotal | Status | Flags |
---|---|---|---|---|---|---|
r-devel-linux-x86_64-debian-clang | 0.1-7 | 2.65 | 30.01 | 32.66 | OK | |
r-devel-linux-x86_64-debian-gcc | 0.1-7 | OK | ||||
r-devel-linux-x86_64-fedora-clang | 0.1-7 | 41.25 | NOTE | |||
r-devel-linux-x86_64-fedora-gcc | 0.1-7 | 39.78 | OK | |||
r-prerel-macos-arm64 | 0.1-7 | 18.00 | OK | |||
r-prerel-windows-x86_64 | 0.1-7 | 4.00 | 45.00 | 49.00 | OK | |
r-patched-linux-x86_64 | 0.1-7 | 3.37 | 28.97 | 32.34 | OK | |
r-release-linux-x86_64 | 0.1-7 | 2.92 | 29.92 | 32.84 | OK | |
r-release-macos-arm64 | 0.1-7 | 22.00 | OK | |||
r-release-macos-x86_64 | 0.1-7 | 25.00 | OK | |||
r-release-windows-x86_64 | 0.1-7 | 4.00 | 48.00 | 52.00 | OK | |
r-oldrel-macos-arm64 | 0.1-7 | 19.00 | OK | |||
r-oldrel-windows-x86_64 | 0.1-7 | 4.00 | 52.00 | 56.00 | OK |
Version: 0.1-7
Check: Rd cross-references
Result: NOTE
Undeclared package ‘RCurl’ in Rd xrefs
Flavor: r-devel-linux-x86_64-fedora-clang