Last updated on 2024-04-18 08:54:54 CEST.
Flavor | Version | Tinstall | Tcheck | Ttotal | Status | Flags |
---|---|---|---|---|---|---|
r-devel-linux-x86_64-debian-clang | 3.1 | 14.67 | 121.93 | 136.60 | NOTE | |
r-devel-linux-x86_64-debian-gcc | 3.1 | 13.78 | 87.98 | 101.76 | NOTE | |
r-devel-linux-x86_64-fedora-clang | 3.1 | 171.43 | NOTE | |||
r-devel-linux-x86_64-fedora-gcc | 3.1 | 160.45 | NOTE | |||
r-prerel-macos-arm64 | 3.1 | 44.00 | NOTE | |||
r-prerel-windows-x86_64 | 3.1 | 15.00 | 107.00 | 122.00 | NOTE | |
r-patched-linux-x86_64 | 3.1 | 19.75 | 114.52 | 134.27 | NOTE | |
r-release-linux-x86_64 | 3.1 | 12.06 | 117.89 | 129.95 | OK | |
r-release-macos-arm64 | 3.1 | 46.00 | OK | |||
r-release-macos-x86_64 | 3.1 | 77.00 | OK | |||
r-release-windows-x86_64 | 3.1 | 19.00 | 187.00 | 206.00 | OK | |
r-oldrel-macos-arm64 | 3.1 | 59.00 | OK | |||
r-oldrel-windows-x86_64 | 3.1 | 21.00 | 134.00 | 155.00 | OK |
Version: 3.1
Check: Rd files
Result: NOTE
checkRd: (-1) createDemandSite.Rd:26: Lost braces
26 | \item{suppliers}{(optional) A list of object(s) inherited from the folowing classes: \code{\link[WRSS]{createAquifer}}, \code{\link[WRSS]{createRiver}}, \code{\link[WRSS]{createReservoir}}, code{\link[WRSS]{createDiversion}}.}
| ^
checkRd: (-1) createDemandSite.base.Rd:26: Lost braces
26 | \item{suppliers}{(optional) A list of object(s) inherited from the folowing classes: \code{\link[WRSS]{createAquifer}}, \code{\link[WRSS]{createRiver}}, \code{\link[WRSS]{createReservoir}}, code{\link[WRSS]{createDiversion}}.}
| ^
checkRd: (-1) createDemandSite.default.Rd:32: Lost braces
32 | \item{suppliers}{(optional) A list of object(s) inherited from the folowing classes: \code{\link[WRSS]{createAquifer}}, \code{\link[WRSS]{createRiver}}, \code{\link[WRSS]{createReservoir}}, code{\link[WRSS]{createDiversion}}.}
| ^
Flavors: r-devel-linux-x86_64-debian-clang, r-devel-linux-x86_64-debian-gcc, r-devel-linux-x86_64-fedora-clang, r-devel-linux-x86_64-fedora-gcc, r-prerel-macos-arm64, r-prerel-windows-x86_64, r-patched-linux-x86_64