Last updated on 2024-04-24 07:57:57 CEST.
Flavor | Version | Tinstall | Tcheck | Ttotal | Status | Flags |
---|---|---|---|---|---|---|
r-devel-linux-x86_64-debian-clang | 4.0.3 | 10.79 | 330.39 | 341.18 | OK | |
r-devel-linux-x86_64-debian-gcc | 4.0.3 | 9.75 | 238.33 | 248.08 | OK | |
r-devel-linux-x86_64-fedora-clang | 4.0.3 | 414.10 | OK | |||
r-devel-linux-x86_64-fedora-gcc | 4.0.3 | 406.81 | OK | |||
r-prerel-macos-arm64 | 4.0.3 | 112.00 | NOTE | |||
r-prerel-windows-x86_64 | 4.0.3 | 10.00 | 295.00 | 305.00 | OK | |
r-patched-linux-x86_64 | 4.0.3 | 8.59 | 313.98 | 322.57 | OK | |
r-release-linux-x86_64 | 4.0.3 | 9.94 | 318.79 | 328.73 | OK | |
r-release-macos-arm64 | 4.0.3 | 115.00 | OK | |||
r-release-macos-x86_64 | 4.0.3 | 294.00 | OK | |||
r-release-windows-x86_64 | 4.0.3 | 15.00 | 335.00 | 350.00 | OK | |
r-oldrel-macos-arm64 | 4.0.3 | 149.00 | OK | |||
r-oldrel-windows-x86_64 | 4.0.3 | 17.00 | 328.00 | 345.00 | OK |
Version: 4.0.3
Check: package dependencies
Result: NOTE
Package suggested but not available for checking: ‘glmmTMB’
Flavor: r-prerel-macos-arm64