CRAN Package Check Results for Package WikidataQueryServiceR

Last updated on 2024-05-22 08:59:49 CEST.

Flavor Version Tinstall Tcheck Ttotal Status Flags
r-devel-linux-x86_64-debian-clang 1.0.0 2.25 27.68 29.93 NOTE
r-devel-linux-x86_64-debian-gcc 1.0.0 1.82 21.33 23.15 NOTE
r-devel-linux-x86_64-fedora-clang 1.0.0 37.89 NOTE
r-devel-linux-x86_64-fedora-gcc 1.0.0 35.62 NOTE
r-devel-windows-x86_64 1.0.0 3.00 44.00 47.00 NOTE
r-patched-linux-x86_64 1.0.0 2.32 26.71 29.03 NOTE
r-release-linux-x86_64 1.0.0 2.16 26.96 29.12 NOTE
r-release-macos-arm64 1.0.0 21.00 NOTE
r-release-windows-x86_64 1.0.0 4.00 46.00 50.00 NOTE
r-oldrel-macos-arm64 1.0.0 19.00 NOTE
r-oldrel-macos-x86_64 1.0.0 25.00 NOTE
r-oldrel-windows-x86_64 1.0.0 4.00 48.00 52.00 NOTE

Check Details

Version: 1.0.0
Check: LazyData
Result: NOTE 'LazyData' is specified without a 'data' directory Flavors: r-devel-linux-x86_64-debian-clang, r-devel-linux-x86_64-debian-gcc, r-devel-linux-x86_64-fedora-clang, r-devel-linux-x86_64-fedora-gcc, r-devel-windows-x86_64, r-patched-linux-x86_64, r-release-linux-x86_64, r-release-macos-arm64, r-release-windows-x86_64, r-oldrel-macos-arm64, r-oldrel-macos-x86_64, r-oldrel-windows-x86_64