Last updated on 2024-03-12 07:50:11 CET.
Flavor | Version | Tinstall | Tcheck | Ttotal | Status | Flags |
---|---|---|---|---|---|---|
r-devel-linux-x86_64-debian-clang | 2.1.2 | 138.20 | 106.81 | 245.01 | OK | |
r-devel-linux-x86_64-debian-gcc | 2.1.2 | 103.85 | 81.20 | 185.05 | OK | |
r-devel-linux-x86_64-fedora-clang | 2.1.2 | 320.28 | OK | |||
r-devel-linux-x86_64-fedora-gcc | 2.1.2 | 335.04 | OK | |||
r-devel-windows-x86_64 | 2.1.2 | 94.00 | 113.00 | 207.00 | OK | |
r-patched-linux-x86_64 | 2.1.2 | 129.59 | 105.66 | 235.25 | OK | |
r-release-linux-x86_64 | 2.1.2 | 121.15 | 105.43 | 226.58 | OK | |
r-release-macos-arm64 | 2.1.2 | 89.00 | NOTE | |||
r-release-macos-x86_64 | 2.1.2 | 143.00 | NOTE | |||
r-release-windows-x86_64 | 2.1.2 | 119.00 | 136.00 | 255.00 | OK | |
r-oldrel-macos-arm64 | 2.1.2 | 93.00 | NOTE | |||
r-oldrel-windows-x86_64 | 2.1.2 | 112.00 | 127.00 | 239.00 | OK |
Version: 2.1.2
Check: installed package size
Result: NOTE
installed size is 10.6Mb
sub-directories of 1Mb or more:
libs 10.3Mb
Flavors: r-release-macos-arm64, r-release-macos-x86_64, r-oldrel-macos-arm64
Version: 2.1.2
Check: package dependencies
Result: NOTE
Package suggested but not available for checking: ‘partitions’
Flavor: r-release-macos-x86_64