Last updated on 2024-03-12 07:49:47 CET.
Flavor | Version | Tinstall | Tcheck | Ttotal | Status | Flags |
---|---|---|---|---|---|---|
r-devel-linux-x86_64-debian-clang | 1.0 | 33.98 | 341.07 | 375.05 | OK | |
r-devel-linux-x86_64-debian-gcc | 1.0 | 28.43 | 261.65 | 290.08 | OK | |
r-devel-linux-x86_64-fedora-clang | 1.0 | 496.19 | OK | |||
r-devel-linux-x86_64-fedora-gcc | 1.0 | 498.64 | OK | |||
r-devel-windows-x86_64 | 1.0 | 34.00 | 255.00 | 289.00 | OK | |
r-patched-linux-x86_64 | 1.0 | 22.67 | 351.67 | 374.34 | OK | |
r-release-linux-x86_64 | 1.0 | 23.97 | 337.18 | 361.15 | OK | |
r-release-macos-arm64 | 1.0 | 126.00 | OK | |||
r-release-macos-x86_64 | 1.0 | 266.00 | OK | |||
r-release-windows-x86_64 | 1.0 | 43.00 | 333.00 | 376.00 | OK | |
r-oldrel-macos-arm64 | 1.0 | 112.00 | OK | |||
r-oldrel-windows-x86_64 | 1.0 | 39.00 | 281.00 | 320.00 | ERROR |
Version: 1.0
Check: whether package can be installed
Result: ERROR
Installation failed.
Flavor: r-oldrel-windows-x86_64