Last updated on 2024-04-17 08:57:24 CEST.
Flavor | Version | Tinstall | Tcheck | Ttotal | Status | Flags |
---|---|---|---|---|---|---|
r-devel-linux-x86_64-debian-clang | 1.3.6 | 18.64 | 154.84 | 173.48 | NOTE | |
r-devel-linux-x86_64-debian-gcc | 1.3.6 | 13.73 | 116.21 | 129.94 | NOTE | |
r-devel-linux-x86_64-fedora-clang | 1.3.6 | 214.00 | NOTE | |||
r-devel-linux-x86_64-fedora-gcc | 1.3.6 | 202.81 | NOTE | |||
r-prerel-macos-arm64 | 1.3.6 | 56.00 | NOTE | |||
r-prerel-windows-x86_64 | 1.3.6 | 14.00 | 118.00 | 132.00 | NOTE | |
r-patched-linux-x86_64 | 1.3.6 | 13.90 | 148.38 | 162.28 | NOTE | |
r-release-linux-x86_64 | 1.3.6 | 11.53 | 150.79 | 162.32 | NOTE | |
r-release-macos-arm64 | 1.3.6 | 63.00 | NOTE | |||
r-release-macos-x86_64 | 1.3.6 | 101.00 | NOTE | |||
r-release-windows-x86_64 | 1.3.6 | 21.00 | 150.00 | 171.00 | NOTE | |
r-oldrel-macos-arm64 | 1.3.6 | 54.00 | OK | |||
r-oldrel-windows-x86_64 | 1.3.6 | 21.00 | 149.00 | 170.00 | OK |
Version: 1.3.6
Check: Rd files
Result: NOTE
checkRd: (-1) ALF.Rd:47: Escaped LaTeX specials: \&
checkRd: (-1) APEXMS.Rd:14: Lost braces in \enumerate; meant \describe ?
checkRd: (-1) APEXMS.Rd:15: Lost braces in \enumerate; meant \describe ?
Flavors: r-devel-linux-x86_64-debian-clang, r-devel-linux-x86_64-debian-gcc, r-devel-linux-x86_64-fedora-clang, r-devel-linux-x86_64-fedora-gcc, r-prerel-macos-arm64, r-prerel-windows-x86_64, r-patched-linux-x86_64
Version: 1.3.6
Check: Rd files
Result: NOTE
checkRd: (-1) ALF.Rd:47: Escaped LaTeX specials: \&
Flavors: r-release-linux-x86_64, r-release-macos-arm64, r-release-macos-x86_64, r-release-windows-x86_64