Last updated on 2024-04-18 08:54:21 CEST.
Flavor | Version | Tinstall | Tcheck | Ttotal | Status | Flags |
---|---|---|---|---|---|---|
r-devel-linux-x86_64-debian-clang | 1.1.2 | 6.08 | 39.47 | 45.55 | NOTE | |
r-devel-linux-x86_64-debian-gcc | 1.1.2 | 3.39 | 28.46 | 31.85 | NOTE | |
r-devel-linux-x86_64-fedora-clang | 1.1.2 | 56.65 | NOTE | |||
r-devel-linux-x86_64-fedora-gcc | 1.1.2 | 52.40 | NOTE | |||
r-prerel-macos-arm64 | 1.1.2 | 20.00 | NOTE | |||
r-prerel-windows-x86_64 | 1.1.2 | 6.00 | 49.00 | 55.00 | NOTE | |
r-patched-linux-x86_64 | 1.1.2 | 5.26 | 36.51 | 41.77 | NOTE | |
r-release-linux-x86_64 | 1.1.2 | 4.24 | 36.86 | 41.10 | OK | |
r-release-macos-arm64 | 1.1.2 | 21.00 | OK | |||
r-release-macos-x86_64 | 1.1.2 | 33.00 | OK | |||
r-release-windows-x86_64 | 1.1.2 | 8.00 | 53.00 | 61.00 | OK | |
r-oldrel-macos-arm64 | 1.1.2 | 17.00 | NOTE | |||
r-oldrel-windows-x86_64 | 1.1.2 | 9.00 | 57.00 | 66.00 | OK |
Version: 1.1.2
Check: Rd files
Result: NOTE
checkRd: (-1) aMNLFA.prune.Rd:15: Lost braces in \itemize; \value handles \item{}{} directly
checkRd: (-1) aMNLFA.prune.Rd:16: Lost braces in \itemize; \value handles \item{}{} directly
checkRd: (-1) aMNLFA.prune.Rd:17: Lost braces in \itemize; \value handles \item{}{} directly
checkRd: (-1) aMNLFA.prune.Rd:18: Lost braces in \itemize; \value handles \item{}{} directly
checkRd: (-1) aMNLFA.prune.Rd:19: Lost braces in \itemize; \value handles \item{}{} directly
checkRd: (-1) aMNLFA.prune.Rd:20: Lost braces in \itemize; \value handles \item{}{} directly
checkRd: (-1) aMNLFA.prune.Rd:21: Lost braces in \itemize; \value handles \item{}{} directly
checkRd: (-1) aMNLFA.prune.Rd:22: Lost braces in \itemize; \value handles \item{}{} directly
Flavors: r-devel-linux-x86_64-debian-clang, r-devel-linux-x86_64-debian-gcc, r-devel-linux-x86_64-fedora-clang, r-devel-linux-x86_64-fedora-gcc, r-prerel-macos-arm64, r-prerel-windows-x86_64, r-patched-linux-x86_64
Version: 1.1.2
Check: dependencies in R code
Result: NOTE
Namespaces in Imports field not imported from:
‘devtools’ ‘dplyr’ ‘gridExtra’
All declared Imports should be used.
Flavors: r-devel-linux-x86_64-fedora-clang, r-devel-linux-x86_64-fedora-gcc, r-oldrel-macos-arm64